CRAN Package Check Results for Package mergeTrees

Last updated on 2022-08-11 07:51:49 CEST.

Flavor Version Tinstall Tcheck Ttotal Status Flags
r-devel-linux-x86_64-debian-clang 0.1.3 35.38 27.14 62.52 NOTE
r-devel-linux-x86_64-debian-gcc 0.1.3 27.33 21.10 48.43 NOTE
r-devel-linux-x86_64-fedora-clang 0.1.3 100.99 NOTE
r-devel-linux-x86_64-fedora-gcc 0.1.3 88.54 NOTE
r-devel-windows-x86_64 0.1.3 37.00 72.00 109.00 NOTE
r-patched-linux-x86_64 0.1.3 32.85 26.08 58.93 NOTE
r-release-linux-x86_64 0.1.3 NOTE
r-release-macos-arm64 0.1.3 25.00 NOTE
r-release-macos-x86_64 0.1.3 33.00 NOTE
r-release-windows-x86_64 0.1.3 33.00 73.00 106.00 NOTE
r-oldrel-macos-arm64 0.1.3 28.00 NOTE
r-oldrel-macos-x86_64 0.1.3 47.00 NOTE
r-oldrel-windows-ix86+x86_64 0.1.3 89.00 69.00 158.00 NOTE

Check Details

Version: 0.1.3
Check: LazyData
Result: NOTE
     'LazyData' is specified without a 'data' directory
Flavors: r-devel-linux-x86_64-debian-clang, r-devel-linux-x86_64-debian-gcc, r-devel-linux-x86_64-fedora-clang, r-devel-linux-x86_64-fedora-gcc, r-devel-windows-x86_64, r-patched-linux-x86_64, r-release-linux-x86_64, r-release-macos-arm64, r-release-macos-x86_64, r-release-windows-x86_64, r-oldrel-macos-arm64, r-oldrel-macos-x86_64, r-oldrel-windows-ix86+x86_64