Last updated on 2021-02-27 10:56:36 CET.
Flavor | Version | Tinstall | Tcheck | Ttotal | Status | Flags |
---|---|---|---|---|---|---|
r-devel-linux-x86_64-debian-clang | 1.0.0 | 7.90 | 80.52 | 88.42 | OK | |
r-devel-linux-x86_64-debian-gcc | 1.0.0 | 6.90 | 59.74 | 66.64 | OK | |
r-devel-linux-x86_64-fedora-clang | 1.0.0 | 116.19 | OK | |||
r-devel-linux-x86_64-fedora-gcc | 1.0.0 | 102.11 | OK | |||
r-devel-windows-ix86+x86_64 | 1.0.0 | 15.00 | 76.00 | 91.00 | OK | |
r-patched-linux-x86_64 | 1.0.0 | 7.81 | 73.15 | 80.96 | OK | |
r-patched-solaris-x86 | 1.0.0 | 149.50 | OK | |||
r-release-linux-x86_64 | 1.0.0 | 7.85 | 73.92 | 81.77 | OK | |
r-release-macos-x86_64 | 1.0.0 | OK | ||||
r-release-windows-ix86+x86_64 | 1.0.0 | 24.00 | 5.00 | 29.00 | ERROR | |
r-oldrel-macos-x86_64 | 1.0.0 | OK | ||||
r-oldrel-windows-ix86+x86_64 | 1.0.0 | 13.00 | 92.00 | 105.00 | OK |
Version: 1.0.0
Check: whether package can be installed
Result: ERROR
See * DONE
Flavor: r-release-windows-ix86+x86_64