CRAN Package Check Results for Package messy.cats

Last updated on 2023-05-28 14:55:28 CEST.

Flavor Version Tinstall Tcheck Ttotal Status Flags
r-devel-linux-x86_64-debian-clang 1.0 6.54 53.54 60.08 OK
r-devel-linux-x86_64-debian-gcc 1.0 4.58 40.25 44.83 OK
r-devel-linux-x86_64-fedora-clang 1.0 74.69 NOTE
r-devel-linux-x86_64-fedora-gcc 1.0 80.90 NOTE
r-devel-windows-x86_64 1.0 7.00 61.00 68.00 OK
r-patched-linux-x86_64 1.0 5.18 48.89 54.07 OK
r-release-linux-x86_64 1.0 4.09 48.61 52.70 OK
r-release-macos-arm64 1.0 33.00 OK
r-release-macos-x86_64 1.0 47.00 OK
r-release-windows-x86_64 1.0 9.00 68.00 77.00 OK
r-oldrel-macos-arm64 1.0 29.00 NOTE
r-oldrel-macos-x86_64 1.0 40.00 NOTE
r-oldrel-windows-x86_64 1.0 9.00 69.00 78.00 OK

Check Details

Version: 1.0
Check: dependencies in R code
Result: NOTE
    Namespace in Imports field not imported from: ‘gt’
     All declared Imports should be used.
Flavors: r-devel-linux-x86_64-fedora-clang, r-devel-linux-x86_64-fedora-gcc, r-oldrel-macos-arm64, r-oldrel-macos-x86_64