CRAN Package Check Results for Package metScanR

Last updated on 2019-06-25 09:50:51 CEST.

Flavor Version Tinstall Tcheck Ttotal Status Flags
r-devel-linux-x86_64-debian-clang 1.2.2 4.29 45.52 49.81 OK
r-devel-linux-x86_64-debian-gcc 1.2.2 4.01 37.92 41.93 OK
r-devel-linux-x86_64-fedora-clang 1.2.2 66.73 NOTE
r-devel-linux-x86_64-fedora-gcc 1.2.2 63.49 NOTE
r-devel-windows-ix86+x86_64 1.2.2 15.00 63.00 78.00 OK
r-patched-linux-x86_64 1.2.2 5.18 45.52 50.70 OK
r-patched-solaris-x86 1.2.2 98.60 NOTE
r-release-linux-x86_64 1.2.2 5.60 46.16 51.76 OK
r-release-windows-ix86+x86_64 1.2.2 11.00 81.00 92.00 OK
r-release-osx-x86_64 1.2.2 NOTE
r-oldrel-windows-ix86+x86_64 1.2.2 7.00 93.00 100.00 OK
r-oldrel-osx-x86_64 1.2.2 NOTE

Check Details

Version: 1.2.2
Check: dependencies in R code
Result: NOTE
    Namespace in Imports field not imported from: ‘grDevices’
     All declared Imports should be used.
Flavors: r-devel-linux-x86_64-fedora-clang, r-devel-linux-x86_64-fedora-gcc, r-patched-solaris-x86, r-release-osx-x86_64, r-oldrel-osx-x86_64

Version: 1.2.2
Check: data for non-ASCII characters
Result: NOTE
     Note: found 5 marked UTF-8 strings
Flavors: r-devel-linux-x86_64-fedora-clang, r-devel-linux-x86_64-fedora-gcc, r-patched-solaris-x86, r-release-osx-x86_64, r-oldrel-osx-x86_64