CRAN Package Check Results for Package metScanR

Last updated on 2019-04-21 13:46:37 CEST.

Flavor Version Tinstall Tcheck Ttotal Status Flags
r-devel-linux-x86_64-debian-clang 1.2.2 4.76 46.33 51.09 OK
r-devel-linux-x86_64-debian-gcc 1.2.2 4.23 38.45 42.68 OK
r-devel-linux-x86_64-fedora-clang 1.2.2 64.07 NOTE
r-devel-linux-x86_64-fedora-gcc 1.2.2 62.99 NOTE
r-devel-windows-ix86+x86_64 1.2.2 15.00 102.00 117.00 OK
r-patched-linux-x86_64 1.2.2 4.99 47.38 52.37 OK
r-patched-solaris-x86 1.2.2 95.80 NOTE
r-release-linux-x86_64 1.2.2 3.38 42.70 46.08 OK
r-release-windows-ix86+x86_64 1.2.2 6.00 76.00 82.00 OK
r-release-osx-x86_64 1.2.2 NOTE
r-oldrel-windows-ix86+x86_64 1.2.2 8.00 79.00 87.00 OK
r-oldrel-osx-x86_64 1.2.2 NOTE

Check Details

Version: 1.2.2
Check: dependencies in R code
Result: NOTE
    Namespace in Imports field not imported from: ‘grDevices’
     All declared Imports should be used.
Flavors: r-devel-linux-x86_64-fedora-clang, r-devel-linux-x86_64-fedora-gcc, r-patched-solaris-x86, r-release-osx-x86_64, r-oldrel-osx-x86_64

Version: 1.2.2
Check: data for non-ASCII characters
Result: NOTE
     Note: found 5 marked UTF-8 strings
Flavors: r-devel-linux-x86_64-fedora-clang, r-devel-linux-x86_64-fedora-gcc, r-patched-solaris-x86, r-release-osx-x86_64, r-oldrel-osx-x86_64