CRAN Package Check Results for Package meta

Last updated on 2019-08-18 04:46:16 CEST.

Flavor Version Tinstall Tcheck Ttotal Status Flags
r-devel-linux-x86_64-debian-clang 4.9-6 30.84 153.85 184.69 OK
r-devel-linux-x86_64-debian-gcc 4.9-6 25.17 117.75 142.92 OK
r-devel-linux-x86_64-fedora-clang 4.9-6 224.82 NOTE
r-devel-linux-x86_64-fedora-gcc 4.9-6 211.24 NOTE
r-devel-windows-ix86+x86_64 4.9-6 55.00 207.00 262.00 OK
r-patched-linux-x86_64 4.9-6 29.24 152.04 181.28 OK
r-patched-solaris-x86 4.9-6 281.50 NOTE
r-release-linux-x86_64 4.9-6 28.83 152.98 181.81 OK
r-release-windows-ix86+x86_64 4.9-6 59.00 207.00 266.00 OK
r-release-osx-x86_64 4.9-6 NOTE
r-oldrel-windows-ix86+x86_64 4.9-6 45.00 191.00 236.00 OK
r-oldrel-osx-x86_64 4.9-6 NOTE

Check Details

Version: 4.9-6
Check: dependencies in R code
Result: NOTE
    Namespace in Imports field not imported from: ‘lme4’
     All declared Imports should be used.
Flavors: r-devel-linux-x86_64-fedora-clang, r-devel-linux-x86_64-fedora-gcc, r-patched-solaris-x86, r-release-osx-x86_64, r-oldrel-osx-x86_64