CRAN Package Check Results for Package meta

Last updated on 2019-04-20 20:46:52 CEST.

Flavor Version Tinstall Tcheck Ttotal Status Flags
r-devel-linux-x86_64-debian-clang 4.9-5 31.51 156.02 187.53 OK
r-devel-linux-x86_64-debian-gcc 4.9-5 27.30 115.05 142.35 ERROR
r-devel-linux-x86_64-fedora-clang 4.9-5 218.69 NOTE
r-devel-linux-x86_64-fedora-gcc 4.9-5 208.68 NOTE
r-devel-windows-ix86+x86_64 4.9-5 53.00 235.00 288.00 OK
r-patched-linux-x86_64 4.9-5 29.67 152.02 181.69 OK
r-patched-solaris-x86 4.9-5 280.50 NOTE
r-release-linux-x86_64 4.9-5 23.27 152.00 175.27 OK
r-release-windows-ix86+x86_64 4.9-5 36.00 148.00 184.00 OK
r-release-osx-x86_64 4.9-5 NOTE
r-oldrel-windows-ix86+x86_64 4.9-5 9.00 162.00 171.00 OK
r-oldrel-osx-x86_64 4.9-4 OK

Additional issues

OpenBLAS

Check Details

Version: 4.9-5
Check: examples
Result: ERROR
    Running examples in ‘meta-Ex.R’ failed
    The error most likely occurred in:
    
    > base::assign(".ptime", proc.time(), pos = "CheckExEnv")
    > ### Name: metaprop
    > ### Title: Meta-analysis of single proportions
    > ### Aliases: metaprop
    >
    > ### ** Examples
    >
    > # Meta-analysis using generalised linear mixed models
    > #
    > metaprop(4:1, 10 * 1:4)
    Error in t(b2.QE) %*% chol2inv(chol.h) : non-conformable arguments
    Calls: metaprop -> rma.glmm
    Execution halted
Flavor: r-devel-linux-x86_64-debian-gcc

Version: 4.9-5
Check: dependencies in R code
Result: NOTE
    Namespace in Imports field not imported from: ‘lme4’
     All declared Imports should be used.
Flavors: r-devel-linux-x86_64-fedora-clang, r-devel-linux-x86_64-fedora-gcc, r-patched-solaris-x86, r-release-osx-x86_64