CRAN Package Check Results for Package metaBMA

Last updated on 2021-09-22 22:56:33 CEST.

Flavor Version Tinstall Tcheck Ttotal Status Flags
r-devel-linux-x86_64-debian-clang 0.6.7 899.18 243.32 1142.50 NOTE
r-devel-linux-x86_64-debian-gcc 0.6.7 736.11 213.72 949.83 NOTE
r-devel-linux-x86_64-fedora-clang 0.6.7 1593.80 NOTE
r-devel-linux-x86_64-fedora-gcc 0.6.7 1742.34 NOTE
r-devel-windows-x86_64 0.6.7 728.00 251.00 979.00 NOTE
r-devel-windows-x86_64-gcc10-UCRT 0.6.7 ERROR
r-patched-linux-x86_64 0.6.7 798.73 272.95 1071.68 NOTE
r-patched-solaris-x86 0.6.7 1540.50 NOTE
r-release-linux-x86_64 0.6.7 810.48 271.02 1081.50 NOTE
r-release-macos-arm64 0.6.7 NOTE
r-release-macos-x86_64 0.6.7 NOTE
r-release-windows-ix86+x86_64 0.6.7 1950.00 366.00 2316.00 NOTE
r-oldrel-macos-x86_64 0.6.7 NOTE
r-oldrel-windows-ix86+x86_64 0.6.7 1428.00 355.00 1783.00 NOTE

Check Details

Version: 0.6.7
Check: for GNU extensions in Makefiles
Result: NOTE
    GNU make is a SystemRequirements.
Flavors: r-devel-linux-x86_64-debian-clang, r-devel-linux-x86_64-debian-gcc, r-devel-linux-x86_64-fedora-clang, r-devel-linux-x86_64-fedora-gcc, r-devel-windows-x86_64, r-patched-linux-x86_64, r-patched-solaris-x86, r-release-linux-x86_64, r-release-macos-arm64, r-release-macos-x86_64, r-release-windows-ix86+x86_64, r-oldrel-macos-x86_64, r-oldrel-windows-ix86+x86_64

Version: 0.6.7
Check: installed package size
Result: NOTE
     installed size is 100.4Mb
     sub-directories of 1Mb or more:
     libs 99.6Mb
Flavors: r-devel-linux-x86_64-fedora-clang, r-devel-windows-x86_64, r-patched-solaris-x86, r-release-macos-arm64, r-release-macos-x86_64, r-release-windows-ix86+x86_64, r-oldrel-macos-x86_64, r-oldrel-windows-ix86+x86_64

Version: 0.6.7
Check: package dependencies
Result: ERROR
    Packages required but not available:
     'RcppParallel', 'rstan', 'rstantools', 'StanHeaders'
    
    Package suggested but not available for checking: 'spelling'
    
    See section 'The DESCRIPTION file' in the 'Writing R Extensions'
    manual.
Flavor: r-devel-windows-x86_64-gcc10-UCRT