CRAN Package Check Results for Package metaDigitise

Last updated on 2022-01-21 22:13:16 CET.

Flavor Version Tinstall Tcheck Ttotal Status Flags
r-devel-linux-x86_64-debian-clang 1.0.1 3.84 43.42 47.26 NOTE
r-devel-linux-x86_64-debian-gcc 1.0.1 2.82 33.83 36.65 NOTE
r-devel-linux-x86_64-fedora-clang 1.0.1 59.75 NOTE
r-devel-linux-x86_64-fedora-gcc 1.0.1 67.88 NOTE
r-devel-windows-x86_64-new-UL 1.0.1 131.00 70.00 201.00 NOTE
r-devel-windows-x86_64-new-TK 1.0.1 NOTE
r-patched-linux-x86_64 1.0.1 4.41 42.33 46.74 NOTE
r-release-linux-x86_64 1.0.1 3.59 41.51 45.10 NOTE
r-release-macos-arm64 1.0.1 NOTE
r-release-macos-x86_64 1.0.1 NOTE
r-release-windows-ix86+x86_64 1.0.1 8.00 55.00 63.00 NOTE
r-oldrel-macos-x86_64 1.0.1 OK
r-oldrel-windows-ix86+x86_64 1.0.1 9.00 57.00 66.00 OK

Check Details

Version: 1.0.1
Check: LazyData
Result: NOTE
     'LazyData' is specified without a 'data' directory
Flavors: r-devel-linux-x86_64-debian-clang, r-devel-linux-x86_64-debian-gcc, r-devel-linux-x86_64-fedora-clang, r-devel-linux-x86_64-fedora-gcc, r-devel-windows-x86_64-new-UL, r-devel-windows-x86_64-new-TK, r-patched-linux-x86_64, r-release-linux-x86_64, r-release-macos-arm64, r-release-macos-x86_64, r-release-windows-ix86+x86_64