CRAN Package Check Results for Package metaEnsembleR

Last updated on 2021-03-05 01:48:21 CET.

Flavor Version Tinstall Tcheck Ttotal Status Flags
r-devel-linux-x86_64-debian-clang 0.1.0 2.52 28.94 31.46 OK
r-devel-linux-x86_64-debian-gcc 0.1.0 1.95 22.48 24.43 OK
r-devel-linux-x86_64-fedora-clang 0.1.0 48.31 NOTE
r-devel-linux-x86_64-fedora-gcc 0.1.0 37.68 NOTE
r-devel-windows-ix86+x86_64 0.1.0 7.00 53.00 60.00 OK
r-patched-linux-x86_64 0.1.0 OK
r-patched-solaris-x86 0.1.0 59.20 NOTE
r-release-linux-x86_64 0.1.0 2.42 28.27 30.69 OK
r-release-macos-x86_64 0.1.0 NOTE
r-release-windows-ix86+x86_64 0.1.0 5.00 44.00 49.00 OK
r-oldrel-macos-x86_64 0.1.0 NOTE
r-oldrel-windows-ix86+x86_64 0.1.0 5.00 40.00 45.00 OK

Check Details

Version: 0.1.0
Check: dependencies in R code
Result: NOTE
    Namespaces in Imports field not imported from:
     ‘e1071’ ‘gbm’ ‘ggplot2’ ‘graphics’ ‘randomForest’
     All declared Imports should be used.
Flavors: r-devel-linux-x86_64-fedora-clang, r-devel-linux-x86_64-fedora-gcc, r-patched-solaris-x86, r-release-macos-x86_64, r-oldrel-macos-x86_64