CRAN Package Check Results for Package metaMA

Last updated on 2021-05-08 23:47:59 CEST.

Flavor Version Tinstall Tcheck Ttotal Status Flags
r-devel-linux-x86_64-debian-clang 3.1.2 4.59 61.51 66.10 NOTE
r-devel-linux-x86_64-debian-gcc 3.1.2 3.61 47.70 51.31 NOTE
r-devel-linux-x86_64-fedora-clang 3.1.2 93.81 NOTE
r-devel-linux-x86_64-fedora-gcc 3.1.2 82.47 NOTE
r-devel-windows-ix86+x86_64 3.1.2 6.00 86.00 92.00 NOTE
r-devel-windows-x86_64-gcc10-UCRT 3.1.2 NOTE
r-patched-linux-x86_64 3.1.2 4.47 60.87 65.34 NOTE
r-patched-solaris-x86 3.1.2 104.70 NOTE --no-vignettes
r-release-linux-x86_64 3.1.2 4.62 60.14 64.76 NOTE
r-release-macos-x86_64 3.1.2 NOTE
r-release-windows-ix86+x86_64 3.1.2 7.00 65.00 72.00 NOTE
r-oldrel-macos-x86_64 3.1.2 NOTE
r-oldrel-windows-ix86+x86_64 3.1.2 7.00 62.00 69.00 NOTE

Check Details

Version: 3.1.2
Check: DESCRIPTION meta-information
Result: NOTE
    Malformed Description field: should contain one or more complete sentences.
Flavors: r-devel-linux-x86_64-debian-clang, r-devel-linux-x86_64-debian-gcc, r-devel-linux-x86_64-fedora-clang, r-devel-linux-x86_64-fedora-gcc, r-devel-windows-ix86+x86_64, r-devel-windows-x86_64-gcc10-UCRT, r-patched-linux-x86_64, r-release-linux-x86_64, r-release-macos-x86_64, r-release-windows-ix86+x86_64, r-oldrel-macos-x86_64, r-oldrel-windows-ix86+x86_64

Version: 3.1.2
Check: R code for possible problems
Result: NOTE
    EScombination: no visible global function definition for 'model.matrix'
    EScombination: no visible global function definition for 'p.adjust'
    EScombination: no visible global function definition for 'pt'
    EScombination.paired: no visible global function definition for
     'p.adjust'
    EScombination.paired: no visible global function definition for 'pt'
    calcfit2Diffrep: no visible global function definition for
     'model.matrix'
    directEScombi: no visible global function definition for 'pnorm'
    directEScombi: no visible global function definition for 'p.adjust'
    directpvalcombi : fstatmeta: no visible global function definition for
     'qnorm'
    directpvalcombi: no visible global function definition for 'pnorm'
    directpvalcombi: no visible global function definition for 'p.adjust'
    pvalcombination: no visible global function definition for
     'model.matrix'
    pvalcombination: no visible global function definition for 'p.adjust'
    pvalcombination: no visible global function definition for 'pt'
    pvalcombination.paired: no visible global function definition for
     'p.adjust'
    pvalcombination.paired: no visible global function definition for 'pt'
    Undefined global functions or variables:
     model.matrix p.adjust pnorm pt qnorm
    Consider adding
     importFrom("stats", "model.matrix", "p.adjust", "pnorm", "pt", "qnorm")
    to your NAMESPACE file.
Flavors: r-devel-linux-x86_64-debian-clang, r-devel-linux-x86_64-debian-gcc, r-devel-linux-x86_64-fedora-clang, r-devel-linux-x86_64-fedora-gcc, r-devel-windows-ix86+x86_64, r-devel-windows-x86_64-gcc10-UCRT, r-patched-linux-x86_64, r-release-linux-x86_64, r-release-macos-x86_64, r-release-windows-ix86+x86_64, r-oldrel-macos-x86_64, r-oldrel-windows-ix86+x86_64

Version: 3.1.2
Check: installed package size
Result: NOTE
     installed size is 9.5Mb
     sub-directories of 1Mb or more:
     data 9.1Mb
Flavors: r-devel-linux-x86_64-fedora-clang, r-devel-windows-ix86+x86_64, r-release-macos-x86_64, r-release-windows-ix86+x86_64, r-oldrel-macos-x86_64, r-oldrel-windows-ix86+x86_64

Version: 3.1.2
Check: package dependencies
Result: NOTE
    Packages suggested but not available for checking:
     'annaffy', 'hgu133plus2.db', 'hgu133a.db', 'hgu95av2.db'
Flavor: r-devel-windows-x86_64-gcc10-UCRT

Version: 3.1.2
Flags: --no-vignettes
Check: installed package size
Result: NOTE
     installed size is 9.5Mb
     sub-directories of 1Mb or more:
     data 9.1Mb
Flavor: r-patched-solaris-x86

Version: 3.1.2
Flags: --no-vignettes
Check: DESCRIPTION meta-information
Result: NOTE
    Malformed Description field: should contain one or more complete sentences.
Flavor: r-patched-solaris-x86

Version: 3.1.2
Flags: --no-vignettes
Check: R code for possible problems
Result: NOTE
    EScombination: no visible global function definition for ‘model.matrix’
    EScombination: no visible global function definition for ‘p.adjust’
    EScombination: no visible global function definition for ‘pt’
    EScombination.paired: no visible global function definition for
     ‘p.adjust’
    EScombination.paired: no visible global function definition for ‘pt’
    calcfit2Diffrep: no visible global function definition for
     ‘model.matrix’
    directEScombi: no visible global function definition for ‘pnorm’
    directEScombi: no visible global function definition for ‘p.adjust’
    directpvalcombi : fstatmeta: no visible global function definition for
     ‘qnorm’
    directpvalcombi: no visible global function definition for ‘pnorm’
    directpvalcombi: no visible global function definition for ‘p.adjust’
    pvalcombination: no visible global function definition for
     ‘model.matrix’
    pvalcombination: no visible global function definition for ‘p.adjust’
    pvalcombination: no visible global function definition for ‘pt’
    pvalcombination.paired: no visible global function definition for
     ‘p.adjust’
    pvalcombination.paired: no visible global function definition for ‘pt’
    Undefined global functions or variables:
     model.matrix p.adjust pnorm pt qnorm
    Consider adding
     importFrom("stats", "model.matrix", "p.adjust", "pnorm", "pt", "qnorm")
    to your NAMESPACE file.
Flavor: r-patched-solaris-x86

Version: 3.1.2
Check: package dependencies
Result: NOTE
    Packages suggested but not available for checking:
     'annaffy', 'hgu133plus2.db', 'hgu95av2.db'
Flavor: r-release-macos-x86_64

Version: 3.1.2
Check: package dependencies
Result: NOTE
    Packages suggested but not available for checking:
     'org.Hs.eg.db', 'annaffy', 'hgu133plus2.db', 'hgu133a.db',
     'hgu95av2.db'
Flavor: r-oldrel-macos-x86_64