CRAN Package Check Results for Package metaSurvival

Last updated on 2022-06-28 23:54:08 CEST.

Flavor Version Tinstall Tcheck Ttotal Status Flags
r-devel-linux-x86_64-debian-clang 0.1.0 2.68 23.16 25.84 OK
r-devel-linux-x86_64-debian-gcc 0.1.0 1.35 18.44 19.79 OK
r-devel-linux-x86_64-fedora-clang 0.1.0 43.07 NOTE
r-devel-linux-x86_64-fedora-gcc 0.1.0 42.32 NOTE
r-devel-windows-x86_64 0.1.0 15.00 47.00 62.00 OK
r-patched-linux-x86_64 0.1.0 2.07 22.70 24.77 OK
r-release-linux-x86_64 0.1.0 2.68 22.83 25.51 OK
r-release-macos-arm64 0.1.0 16.00 NOTE
r-release-macos-x86_64 0.1.0 22.00 NOTE
r-release-windows-x86_64 0.1.0 20.00 46.00 66.00 OK
r-oldrel-macos-arm64 0.1.0 19.00 NOTE
r-oldrel-macos-x86_64 0.1.0 25.00 NOTE
r-oldrel-windows-ix86+x86_64 0.1.0 8.00 40.00 48.00 OK

Check Details

Version: 0.1.0
Check: dependencies in R code
Result: NOTE
    Namespace in Imports field not imported from: ‘survival’
     All declared Imports should be used.
Flavors: r-devel-linux-x86_64-fedora-clang, r-devel-linux-x86_64-fedora-gcc, r-release-macos-arm64, r-release-macos-x86_64, r-oldrel-macos-arm64, r-oldrel-macos-x86_64