CRAN Package Check Results for Package metabolomicsR

Last updated on 2022-07-07 02:52:55 CEST.

Flavor Version Tinstall Tcheck Ttotal Status Flags
r-devel-linux-x86_64-debian-clang 1.0.0 11.17 105.02 116.19 NOTE
r-devel-linux-x86_64-debian-gcc 1.0.0 7.35 76.66 84.01 NOTE
r-devel-linux-x86_64-fedora-clang 1.0.0 154.69 NOTE
r-devel-linux-x86_64-fedora-gcc 1.0.0 161.39 NOTE
r-devel-windows-x86_64 1.0.0 70.00 134.00 204.00 NOTE
r-patched-linux-x86_64 1.0.0 7.55 97.57 105.12 NOTE
r-release-linux-x86_64 1.0.0 6.72 97.35 104.07 NOTE
r-release-macos-arm64 1.0.0 41.00 NOTE
r-release-macos-x86_64 1.0.0 61.00 NOTE
r-release-windows-x86_64 1.0.0 101.00 135.00 236.00 NOTE
r-oldrel-macos-arm64 1.0.0 41.00 NOTE
r-oldrel-macos-x86_64 1.0.0 56.00 NOTE
r-oldrel-windows-ix86+x86_64 1.0.0 25.00 130.00 155.00 NOTE

Check Details

Version: 1.0.0
Check: package dependencies
Result: NOTE
    Package suggested but not available for checking: 'genuMet'
Flavors: r-devel-linux-x86_64-debian-clang, r-devel-linux-x86_64-debian-gcc, r-devel-linux-x86_64-fedora-clang, r-devel-linux-x86_64-fedora-gcc, r-devel-windows-x86_64, r-patched-linux-x86_64, r-release-linux-x86_64, r-release-macos-arm64, r-release-macos-x86_64, r-release-windows-x86_64, r-oldrel-macos-arm64, r-oldrel-macos-x86_64, r-oldrel-windows-ix86+x86_64