CRAN Package Check Results for Package metacart

Last updated on 2021-09-19 14:49:27 CEST.

Flavor Version Tinstall Tcheck Ttotal Status Flags
r-devel-linux-x86_64-debian-clang 2.0-3 50.20 63.98 114.18 OK
r-devel-linux-x86_64-debian-gcc 2.0-3 30.39 47.13 77.52 OK
r-devel-linux-x86_64-fedora-clang 2.0-3 158.34 OK
r-devel-linux-x86_64-fedora-gcc 2.0-3 131.63 OK
r-devel-windows-x86_64 2.0-3 53.00 93.00 146.00 OK
r-devel-windows-x86_64-gcc10-UCRT 2.0-3 ERROR
r-patched-linux-x86_64 2.0-3 41.13 58.84 99.97 OK
r-patched-solaris-x86 2.0-3 156.60 OK
r-release-linux-x86_64 2.0-3 41.91 58.82 100.73 OK
r-release-macos-arm64 2.0-3 OK
r-release-macos-x86_64 2.0-3 OK
r-release-windows-ix86+x86_64 2.0-3 112.00 82.00 194.00 OK
r-oldrel-macos-x86_64 2.0-3 OK
r-oldrel-windows-ix86+x86_64 2.0-3 110.00 86.00 196.00 OK

Check Details

Version: 2.0-3
Check: whether package can be installed
Result: ERROR
    Installation failed.
Flavor: r-devel-windows-x86_64-gcc10-UCRT