CRAN Package Check Results for Package metagear

Last updated on 2020-02-18 20:51:47 CET.

Flavor Version Tinstall Tcheck Ttotal Status Flags
r-devel-linux-x86_64-debian-clang 0.4 19.56 144.60 164.16 NOTE
r-devel-linux-x86_64-debian-gcc 0.4 16.24 117.49 133.73 ERROR
r-devel-linux-x86_64-fedora-clang 0.4 222.18 NOTE
r-devel-linux-x86_64-fedora-gcc 0.4 201.29 NOTE
r-devel-windows-ix86+x86_64 0.4 33.00 132.00 165.00 OK
r-devel-windows-ix86+x86_64-gcc8 0.4 45.00 180.00 225.00 OK
r-patched-linux-x86_64 0.4 15.25 128.34 143.59 OK
r-patched-solaris-x86 0.4 296.40 OK
r-release-linux-x86_64 0.4 13.58 127.84 141.42 OK
r-release-windows-ix86+x86_64 0.4 32.00 125.00 157.00 OK
r-release-osx-x86_64 0.4 WARN
r-oldrel-windows-ix86+x86_64 0.4 19.00 165.00 184.00 OK
r-oldrel-osx-x86_64 0.4 OK

Check Details

Version: 0.4
Check: for non-standard things in the check directory
Result: NOTE
    Found the following files/directories:
     'effort_Christina.csv' 'effort_Luc.csv'
Flavors: r-devel-linux-x86_64-debian-clang, r-devel-linux-x86_64-debian-gcc, r-devel-linux-x86_64-fedora-clang, r-devel-linux-x86_64-fedora-gcc

Version: 0.4
Check: tests
Result: ERROR
     Running ‘testthat.R’ [5s/9s]
    Running the tests in ‘tests/testthat.R’ failed.
    Complete output:
     > library(testthat)
     > library(metagear)
     >
     > test_check("metagear")
     === SCREENING EFFORT SUMMARY ===
    
     4 candidate studies identified
     5 studies excluded
     2 challenging studies needing additional screening
     ----
     11 TOTAL SCREENED
    
     === SCREENING DESIGN SUMMARY ===
    
     MAYBE NO YES TOTAL %
     Christina 1 3 2 6 54.54545
     Luc 1 2 2 5 45.45455
     TOTAL 2 5 4 11 100.00000
     ── 1. Failure: returns specified number of randoms (@test-random_missingness.R#1
     anyNA(aDataFrame$YEAR) isn't true.
    
     ── 2. Failure: returns specified number of randoms (@test-random_missingness.R#1
     anyNA(aDataFrame$JOURNAL) isn't true.
    
     ══ testthat results ═══════════════════════════════════════════════════════════
     [ OK: 53 | SKIPPED: 0 | WARNINGS: 0 | FAILED: 2 ]
     1. Failure: returns specified number of randoms (@test-random_missingness.R#14)
     2. Failure: returns specified number of randoms (@test-random_missingness.R#15)
    
     Error: testthat unit tests failed
     Execution halted
Flavor: r-devel-linux-x86_64-debian-gcc

Version: 0.4
Check: dependencies in R code
Result: NOTE
    No protocol specified
    
    (R:50774): Gtk-WARNING **: gtk_disable_setlocale() must be called before gtk_init()
    No protocol specified
Flavor: r-release-osx-x86_64

Version: 0.4
Check: S3 generic/method consistency
Result: WARN
    No protocol specified
    
    (R:50780): Gtk-WARNING **: gtk_disable_setlocale() must be called before gtk_init()
    No protocol specified
    See section ‘Generic functions and methods’ in the ‘Writing R
    Extensions’ manual.
Flavor: r-release-osx-x86_64

Version: 0.4
Check: replacement functions
Result: WARN
    No protocol specified
    
    (R:50786): Gtk-WARNING **: gtk_disable_setlocale() must be called before gtk_init()
    No protocol specified
    The argument of a replacement function which corresponds to the right
    hand side must be named ‘value’.
Flavor: r-release-osx-x86_64

Version: 0.4
Check: foreign function calls
Result: NOTE
    No protocol specified
    
    (R:50792): Gtk-WARNING **: gtk_disable_setlocale() must be called before gtk_init()
    No protocol specified
    See chapter ‘System and foreign language interfaces’ in the ‘Writing R
    Extensions’ manual.
Flavor: r-release-osx-x86_64

Version: 0.4
Check: R code for possible problems
Result: NOTE
    No protocol specified
    
    (R:50816): Gtk-WARNING **: gtk_disable_setlocale() must be called before gtk_init()
    No protocol specified
Flavor: r-release-osx-x86_64

Version: 0.4
Check: for missing documentation entries
Result: WARN
    No protocol specified
    
    (R:50840): Gtk-WARNING **: gtk_disable_setlocale() must be called before gtk_init()
    No protocol specified
    All user-level objects in a package should have documentation entries.
    See chapter ‘Writing R documentation files’ in the ‘Writing R
    Extensions’ manual.
Flavor: r-release-osx-x86_64

Version: 0.4
Check: for code/documentation mismatches
Result: WARN
    No protocol specified
    
    (R:50846): Gtk-WARNING **: gtk_disable_setlocale() must be called before gtk_init()
    No protocol specified
    No protocol specified
    
    (R:50852): Gtk-WARNING **: gtk_disable_setlocale() must be called before gtk_init()
    No protocol specified
    No protocol specified
    
    (R:50858): Gtk-WARNING **: gtk_disable_setlocale() must be called before gtk_init()
    No protocol specified
Flavor: r-release-osx-x86_64

Version: 0.4
Check: Rd \usage sections
Result: NOTE
    No protocol specified
    
    (R:50870): Gtk-WARNING **: gtk_disable_setlocale() must be called before gtk_init()
    No protocol specified
    The \usage entries for S3 methods should use the \method markup and not
    their full name.
    See chapter ‘Writing R documentation files’ in the ‘Writing R
    Extensions’ manual.
Flavor: r-release-osx-x86_64