CRAN Package Check Results for Package metagear

Last updated on 2022-09-27 10:49:09 CEST.

Flavor Version Tinstall Tcheck Ttotal Status Flags
r-devel-linux-x86_64-debian-clang 0.7 11.17 150.15 161.32 OK
r-devel-linux-x86_64-debian-gcc 0.7 9.92 115.09 125.01 OK
r-devel-linux-x86_64-fedora-clang 0.7 208.99 OK
r-devel-linux-x86_64-fedora-gcc 0.7 205.06 OK
r-devel-windows-x86_64 0.7 52.00 145.00 197.00 OK
r-patched-linux-x86_64 0.7 14.74 154.84 169.58 OK
r-release-linux-x86_64 0.7 12.53 156.58 169.11 OK
r-release-macos-arm64 0.7 70.00 OK
r-release-macos-x86_64 0.7 104.00 OK
r-release-windows-x86_64 0.7 59.00 149.00 208.00 OK
r-oldrel-macos-arm64 0.7 71.00 NOTE
r-oldrel-macos-x86_64 0.7 107.00 OK
r-oldrel-windows-ix86+x86_64 0.7 30.00 137.00 167.00 OK

Check Details

Version: 0.7
Check: package dependencies
Result: NOTE
    Package suggested but not available for checking: ‘EBImage’
Flavor: r-oldrel-macos-arm64