CRAN Package Check Results for Package metagear

Last updated on 2019-09-17 08:49:16 CEST.

Flavor Version Tinstall Tcheck Ttotal Status Flags
r-devel-linux-x86_64-debian-clang 0.4 15.04 128.51 143.55 NOTE
r-devel-linux-x86_64-debian-gcc 0.4 NOTE
r-devel-linux-x86_64-fedora-clang 0.4 177.03 NOTE
r-devel-linux-x86_64-fedora-gcc 0.4 186.71 NOTE
r-devel-windows-ix86+x86_64 0.4 122.00 6.00 128.00 ERROR
r-patched-linux-x86_64 0.4 17.02 128.05 145.07 OK
r-patched-solaris-x86 0.4 280.80 OK
r-release-linux-x86_64 0.4 16.52 127.62 144.14 ERROR
r-release-windows-ix86+x86_64 0.4 32.00 167.00 199.00 OK
r-release-osx-x86_64 0.4 ERROR
r-oldrel-windows-ix86+x86_64 0.4 30.00 106.00 136.00 OK
r-oldrel-osx-x86_64 0.4 OK

Check Details

Version: 0.4
Check: for non-standard things in the check directory
Result: NOTE
    Found the following files/directories:
     'effort_Christina.csv' 'effort_Luc.csv'
Flavors: r-devel-linux-x86_64-debian-clang, r-devel-linux-x86_64-debian-gcc, r-devel-linux-x86_64-fedora-clang, r-devel-linux-x86_64-fedora-gcc

Version: 0.4
Check: whether package can be installed
Result: ERROR
    Installation failed.
Flavor: r-devel-windows-ix86+x86_64

Version: 0.4
Check: tests
Result: ERROR
     Running ‘testthat.R’ [5s/6s]
    Running the tests in ‘tests/testthat.R’ failed.
    Complete output:
     > library(testthat)
     > library(metagear)
     >
     > test_check("metagear")
     === SCREENING EFFORT SUMMARY ===
    
     4 candidate studies identified
     5 studies excluded
     2 challenging studies needing additional screening
     ----
     11 TOTAL SCREENED
    
     === SCREENING DESIGN SUMMARY ===
    
     MAYBE NO YES TOTAL %
     Christina 0 4 2 6 54.54545
     Luc 2 1 2 5 45.45455
     TOTAL 2 5 4 11 100.00000
     ── 1. Failure: returns specified number of randoms (@test-random_missingness.R#1
     anyNA(aDataFrame$YEAR) isn't true.
    
     ── 2. Failure: returns specified number of randoms (@test-random_missingness.R#1
     anyNA(aDataFrame$JOURNAL) isn't true.
    
     ══ testthat results ═══════════════════════════════════════════════════════════
     [ OK: 53 | SKIPPED: 0 | WARNINGS: 0 | FAILED: 2 ]
     1. Failure: returns specified number of randoms (@test-random_missingness.R#14)
     2. Failure: returns specified number of randoms (@test-random_missingness.R#15)
    
     Error: testthat unit tests failed
     Execution halted
Flavor: r-release-linux-x86_64

Version: 0.4
Check: package dependencies
Result: ERROR
    Package required but not available: ‘EBImage’
    
    See section ‘The DESCRIPTION file’ in the ‘Writing R Extensions’
    manual.
Flavor: r-release-osx-x86_64