CRAN Package Check Results for Package metaheuristicOpt

Last updated on 2021-05-15 21:46:57 CEST.

Flavor Version Tinstall Tcheck Ttotal Status Flags
r-devel-linux-x86_64-debian-clang 2.0.0 4.98 62.43 67.41 NOTE
r-devel-linux-x86_64-debian-gcc 2.0.0 4.21 44.51 48.72 NOTE
r-devel-linux-x86_64-fedora-clang 2.0.0 89.30 NOTE
r-devel-linux-x86_64-fedora-gcc 2.0.0 78.43 NOTE
r-devel-windows-ix86+x86_64 2.0.0 10.00 55.00 65.00 NOTE
r-devel-windows-x86_64-gcc10-UCRT 2.0.0 NOTE
r-patched-linux-x86_64 2.0.0 6.39 60.38 66.77 NOTE
r-patched-solaris-x86 2.0.0 100.70 NOTE
r-release-linux-x86_64 2.0.0 5.41 58.00 63.41 OK
r-release-macos-x86_64 2.0.0 OK
r-release-windows-ix86+x86_64 2.0.0 8.00 54.00 62.00 OK
r-oldrel-macos-x86_64 2.0.0 OK
r-oldrel-windows-ix86+x86_64 2.0.0 8.00 58.00 66.00 OK

Check Details

Version: 2.0.0
Check: LazyData
Result: NOTE
     'LazyData' is specified without a 'data' directory
Flavors: r-devel-linux-x86_64-debian-clang, r-devel-linux-x86_64-debian-gcc, r-devel-linux-x86_64-fedora-clang, r-devel-linux-x86_64-fedora-gcc, r-devel-windows-ix86+x86_64, r-devel-windows-x86_64-gcc10-UCRT, r-patched-linux-x86_64, r-patched-solaris-x86