Last updated on 2023-11-28 09:52:01 CET.
Flavor | Version | Tinstall | Tcheck | Ttotal | Status | Flags |
---|---|---|---|---|---|---|
r-devel-linux-x86_64-debian-clang | 1.2 | 14.85 | 193.23 | 208.08 | OK | |
r-devel-linux-x86_64-debian-gcc | 1.2 | 10.37 | 141.35 | 151.72 | OK | |
r-devel-linux-x86_64-fedora-clang | 1.2 | 252.26 | NOTE | |||
r-devel-linux-x86_64-fedora-gcc | 1.2 | 258.09 | NOTE | |||
r-devel-windows-x86_64 | 1.2 | 14.00 | 150.00 | 164.00 | OK | |
r-patched-linux-x86_64 | 1.2 | 16.10 | 182.28 | 198.38 | OK | |
r-release-linux-x86_64 | 1.2 | 10.92 | 181.46 | 192.38 | OK | |
r-release-macos-arm64 | 1.2 | 90.00 | OK | |||
r-release-macos-x86_64 | 1.2 | 125.00 | NOTE | |||
r-release-windows-x86_64 | 1.2 | 17.00 | 187.00 | 204.00 | OK | |
r-oldrel-macos-arm64 | 1.2 | 72.00 | NOTE | |||
r-oldrel-macos-x86_64 | 1.2 | 120.00 | NOTE | |||
r-oldrel-windows-x86_64 | 1.2 | 19.00 | 181.00 | 200.00 | OK |
Version: 1.2
Check: dependencies in R code
Result: NOTE
Namespace in Imports field not imported from: ‘lmerTest’
All declared Imports should be used.
Flavors: r-devel-linux-x86_64-fedora-clang, r-devel-linux-x86_64-fedora-gcc, r-oldrel-macos-arm64, r-oldrel-macos-x86_64
Version: 1.2
Check: package dependencies
Result: NOTE
Package suggested but not available for checking: ‘caret’
Flavor: r-release-macos-x86_64