Last updated on 2023-12-04 05:50:39 CET.
Flavor | Version | Tinstall | Tcheck | Ttotal | Status | Flags |
---|---|---|---|---|---|---|
r-devel-linux-x86_64-debian-clang | 1.0-6 | 2.40 | 28.27 | 30.67 | OK | |
r-devel-linux-x86_64-debian-gcc | 1.0-6 | 2.37 | 21.40 | 23.77 | OK | |
r-devel-linux-x86_64-fedora-clang | 1.0-6 | 40.56 | OK | |||
r-devel-linux-x86_64-fedora-gcc | 1.0-6 | 36.77 | OK | |||
r-devel-windows-x86_64 | 1.0-6 | 4.00 | 45.00 | 49.00 | OK | |
r-patched-linux-x86_64 | 1.0-6 | 3.44 | 27.33 | 30.77 | OK | |
r-release-linux-x86_64 | 1.0-6 | 2.97 | 27.31 | 30.28 | OK | |
r-release-macos-arm64 | 1.0-6 | 19.00 | OK | |||
r-release-macos-x86_64 | 1.0-6 | 28.00 | OK | |||
r-release-windows-x86_64 | 1.0-6 | 3.00 | 46.00 | 49.00 | OK | |
r-oldrel-macos-arm64 | 1.0-6 | 19.00 | OK | |||
r-oldrel-macos-x86_64 | 1.0-6 | 28.00 | ERROR | |||
r-oldrel-windows-x86_64 | 1.0-6 | 4.00 | 50.00 | 54.00 | OK |
Version: 1.0-6
Check: tests
Result: ERROR
Running ‘mpost.R’ [1s/1s]
Running the tests in ‘tests/mpost.R’ failed.
Last 13 lines of output:
Read 8 items
Read 8 items
Read 8 items
Read 8 items
Read 8 items
>
> library(grImport)
Loading required package: XML
> PostScriptTrace("fig.1")
sh: gs: command not found
Error in PostScriptTrace("fig.1") : sorry, 'gs' cannot be found
In addition: Warning message:
In system(paste(shQuote(gsexe), "-help > /dev/null")) :
error in running command
Execution halted
Flavor: r-oldrel-macos-x86_64