CRAN Package Check Results for Package metaprotr

Last updated on 2022-12-08 00:52:24 CET.

Flavor Version Tinstall Tcheck Ttotal Status Flags
r-devel-linux-x86_64-debian-clang 1.2.2 12.67 85.88 98.55 OK
r-devel-linux-x86_64-debian-gcc 1.2.2 9.49 62.01 71.50 OK
r-devel-linux-x86_64-fedora-clang 1.2.2 128.66 NOTE
r-devel-linux-x86_64-fedora-gcc 1.2.2 124.37 NOTE
r-devel-windows-x86_64 1.2.2 39.00 113.00 152.00 OK
r-patched-linux-x86_64 1.2.2 8.21 76.37 84.58 OK
r-release-linux-x86_64 1.2.2 8.28 80.13 88.41 OK
r-release-macos-arm64 1.2.2 32.00 NOTE
r-release-macos-x86_64 1.2.2 51.00 NOTE
r-release-windows-x86_64 1.2.2 33.00 114.00 147.00 OK
r-oldrel-macos-arm64 1.2.2 39.00 NOTE
r-oldrel-macos-x86_64 1.2.2 61.00 NOTE
r-oldrel-windows-ix86+x86_64 1.2.2 25.00 104.00 129.00 OK

Check Details

Version: 1.2.2
Check: dependencies in R code
Result: NOTE
    Namespaces in Imports field not imported from:
     ‘ade4’ ‘dendextend’ ‘ggforce’ ‘ggrepel’ ‘stringr’ ‘tidyverse’
     All declared Imports should be used.
Flavors: r-devel-linux-x86_64-fedora-clang, r-devel-linux-x86_64-fedora-gcc, r-release-macos-arm64, r-release-macos-x86_64, r-oldrel-macos-arm64, r-oldrel-macos-x86_64