Last updated on 2023-12-10 13:49:33 CET.
Flavor | Version | Tinstall | Tcheck | Ttotal | Status | Flags |
---|---|---|---|---|---|---|
r-devel-linux-x86_64-debian-clang | 1.1 | 9.39 | 105.38 | 114.77 | NOTE | |
r-devel-linux-x86_64-debian-gcc | 1.1 | 8.76 | 79.96 | 88.72 | NOTE | |
r-devel-linux-x86_64-fedora-clang | 1.1 | 143.40 | OK | |||
r-devel-linux-x86_64-fedora-gcc | 1.1 | 145.08 | OK | |||
r-devel-windows-x86_64 | 1.1 | 10.00 | 93.00 | 103.00 | OK | |
r-patched-linux-x86_64 | 1.1 | 16.69 | 104.89 | 121.58 | OK | |
r-release-linux-x86_64 | 1.1 | 7.14 | 98.57 | 105.71 | OK | |
r-release-macos-arm64 | 1.1 | 55.00 | OK | |||
r-release-macos-x86_64 | 1.1 | 80.00 | OK | |||
r-release-windows-x86_64 | 1.1 | 13.00 | 113.00 | 126.00 | OK | |
r-oldrel-macos-arm64 | 1.1 | 42.00 | OK | |||
r-oldrel-macos-x86_64 | 1.1 | 69.00 | OK | |||
r-oldrel-windows-x86_64 | 1.1 | 12.00 | 110.00 | 122.00 | OK |
Version: 1.1
Check: Rd files
Result: NOTE
checkRd: (-1) find_umax.Rd:29: Lost braces in \itemize; \value handles \item{}{} directly
checkRd: (-1) find_umax.Rd:30: Lost braces in \itemize; \value handles \item{}{} directly
checkRd: (-1) find_umax.Rd:31: Lost braces in \itemize; \value handles \item{}{} directly
checkRd: (-1) find_umax.Rd:32: Lost braces in \itemize; \value handles \item{}{} directly
checkRd: (-1) find_umax.Rd:33: Lost braces in \itemize; \value handles \item{}{} directly
checkRd: (-1) metarep.Rd:36: Lost braces in \itemize; \value handles \item{}{} directly
checkRd: (-1) metarep.Rd:37: Lost braces in \itemize; \value handles \item{}{} directly
checkRd: (-1) metarep.Rd:38: Lost braces in \itemize; \value handles \item{}{} directly
checkRd: (-1) metarep.Rd:39: Lost braces in \itemize; \value handles \item{}{} directly
checkRd: (-1) summary.metarep.Rd:17: Lost braces in \itemize; \value handles \item{}{} directly
checkRd: (-1) summary.metarep.Rd:18: Lost braces in \itemize; \value handles \item{}{} directly
checkRd: (-1) summary.metarep.Rd:19: Lost braces in \itemize; \value handles \item{}{} directly
checkRd: (-1) summary.metarep.Rd:20: Lost braces in \itemize; \value handles \item{}{} directly
checkRd: (-1) truncatedPearson.Rd:17: Lost braces in \itemize; \value handles \item{}{} directly
checkRd: (-1) truncatedPearson.Rd:18: Lost braces in \itemize; \value handles \item{}{} directly
checkRd: (-1) truncatedPearson.Rd:19: Lost braces in \itemize; \value handles \item{}{} directly
checkRd: (-1) truncatedPearson.Rd:20: Lost braces in \itemize; \value handles \item{}{} directly
Flavors: r-devel-linux-x86_64-debian-clang, r-devel-linux-x86_64-debian-gcc