CRAN Package Check Results for Package metro

Last updated on 2021-10-22 07:51:49 CEST.

Flavor Version Tinstall Tcheck Ttotal Status Flags
r-devel-linux-x86_64-debian-clang 0.9.1 4.54 39.74 44.28 OK
r-devel-linux-x86_64-debian-gcc 0.9.1 3.45 31.07 34.52 OK
r-devel-linux-x86_64-fedora-clang 0.9.1 63.99 NOTE
r-devel-linux-x86_64-fedora-gcc 0.9.1 52.29 NOTE
r-devel-windows-x86_64 0.9.1 9.00 61.00 70.00 OK
r-devel-windows-x86_64-gcc10-UCRT 0.9.1 NOTE
r-patched-linux-x86_64 0.9.1 4.90 38.42 43.32 OK
r-patched-solaris-x86 0.9.1 75.80 NOTE
r-release-linux-x86_64 0.9.1 4.68 37.78 42.46 OK
r-release-macos-arm64 0.9.1 NOTE
r-release-macos-x86_64 0.9.1 NOTE
r-release-windows-ix86+x86_64 0.9.1 7.00 60.00 67.00 OK
r-oldrel-macos-x86_64 0.9.1 NOTE
r-oldrel-windows-ix86+x86_64 0.9.1 11.00 62.00 73.00 OK

Check Details

Version: 0.9.1
Check: data for non-ASCII characters
Result: NOTE
     Note: found 1 marked UTF-8 string
Flavors: r-devel-linux-x86_64-fedora-clang, r-devel-linux-x86_64-fedora-gcc, r-devel-windows-x86_64-gcc10-UCRT, r-patched-solaris-x86, r-release-macos-arm64, r-release-macos-x86_64, r-oldrel-macos-x86_64