CRAN Package Check Results for Package metro

Last updated on 2021-05-15 21:46:57 CEST.

Flavor Version Tinstall Tcheck Ttotal Status Flags
r-devel-linux-x86_64-debian-clang 0.9.1 4.11 40.97 45.08 OK
r-devel-linux-x86_64-debian-gcc 0.9.1 3.58 32.11 35.69 OK
r-devel-linux-x86_64-fedora-clang 0.9.1 64.43 NOTE
r-devel-linux-x86_64-fedora-gcc 0.9.1 51.52 NOTE
r-devel-windows-ix86+x86_64 0.9.1 10.00 44.00 54.00 OK
r-devel-windows-x86_64-gcc10-UCRT 0.9.1 NOTE
r-patched-linux-x86_64 0.9.1 5.33 39.34 44.67 OK
r-patched-solaris-x86 0.9.1 75.20 NOTE
r-release-linux-x86_64 0.9.1 4.52 39.32 43.84 OK
r-release-macos-x86_64 0.9.1 NOTE
r-release-windows-ix86+x86_64 0.9.1 8.00 63.00 71.00 OK
r-oldrel-macos-x86_64 0.9.1 NOTE
r-oldrel-windows-ix86+x86_64 0.9.1 6.00 53.00 59.00 OK

Check Details

Version: 0.9.1
Check: data for non-ASCII characters
Result: NOTE
     Note: found 1 marked UTF-8 string
Flavors: r-devel-linux-x86_64-fedora-clang, r-devel-linux-x86_64-fedora-gcc, r-devel-windows-x86_64-gcc10-UCRT, r-patched-solaris-x86, r-release-macos-x86_64, r-oldrel-macos-x86_64