CRAN Package Check Results for Package mets

Last updated on 2024-02-21 21:49:45 CET.

Flavor Version Tinstall Tcheck Ttotal Status Flags
r-devel-linux-x86_64-debian-clang 1.3.4 OK
r-devel-linux-x86_64-debian-gcc 1.3.4 312.37 413.94 726.31 OK
r-devel-linux-x86_64-fedora-clang 1.3.4 1201.05 NOTE
r-devel-linux-x86_64-fedora-gcc 1.3.4 1305.43 OK
r-devel-windows-x86_64 1.3.4 223.00 444.00 667.00 NOTE
r-patched-linux-x86_64 1.3.3 420.58 523.32 943.90 OK
r-release-linux-x86_64 1.3.4 373.94 534.38 908.32 OK
r-release-macos-arm64 1.3.4 302.00 NOTE
r-release-macos-x86_64 1.3.4 609.00 NOTE
r-release-windows-x86_64 1.3.4 253.00 515.00 768.00 NOTE
r-oldrel-macos-arm64 1.3.4 288.00 NOTE
r-oldrel-windows-x86_64 1.3.4 358.00 541.00 899.00 NOTE

Check Details

Version: 1.3.4
Check: installed package size
Result: NOTE installed size is 8.5Mb sub-directories of 1Mb or more: R 1.7Mb doc 2.8Mb libs 2.1Mb Flavors: r-devel-linux-x86_64-fedora-clang, r-devel-windows-x86_64, r-release-macos-arm64, r-release-macos-x86_64, r-release-windows-x86_64, r-oldrel-macos-arm64, r-oldrel-windows-x86_64