CRAN Package Check Results for Package mfbvar

Last updated on 2019-11-20 05:47:11 CET.

Flavor Version Tinstall Tcheck Ttotal Status Flags
r-devel-linux-x86_64-debian-clang 0.5.1 504.22 162.53 666.75 NOTE
r-devel-linux-x86_64-debian-gcc 0.5.1 362.18 257.29 619.47 NOTE
r-devel-linux-x86_64-fedora-clang 0.5.1 946.85 NOTE
r-devel-linux-x86_64-fedora-gcc 0.5.1 871.74 NOTE
r-devel-windows-ix86+x86_64 0.5.1 1201.00 411.00 1612.00 NOTE
r-devel-windows-ix86+x86_64-gcc8 0.5.1 947.00 307.00 1254.00 NOTE
r-patched-linux-x86_64 0.5.1 381.34 276.40 657.74 NOTE
r-patched-solaris-x86 0.5.1 1398.30 NOTE
r-release-linux-x86_64 0.5.1 373.55 271.84 645.39 NOTE
r-release-windows-ix86+x86_64 0.5.1 1144.00 452.00 1596.00 NOTE
r-release-osx-x86_64 0.5.1 NOTE
r-oldrel-windows-ix86+x86_64 0.5.1 864.00 322.00 1186.00 NOTE
r-oldrel-osx-x86_64 0.5.1 NOTE

Additional issues

OpenBLAS

Check Details

Version: 0.5.1
Check: for GNU extensions in Makefiles
Result: NOTE
    GNU make is a SystemRequirements.
Flavors: r-devel-linux-x86_64-debian-clang, r-devel-linux-x86_64-debian-gcc, r-devel-linux-x86_64-fedora-clang, r-devel-linux-x86_64-fedora-gcc, r-devel-windows-ix86+x86_64, r-devel-windows-ix86+x86_64-gcc8, r-patched-linux-x86_64, r-patched-solaris-x86, r-release-linux-x86_64, r-release-windows-ix86+x86_64, r-release-osx-x86_64, r-oldrel-windows-ix86+x86_64, r-oldrel-osx-x86_64

Version: 0.5.1
Check: installed package size
Result: NOTE
     installed size is 26.0Mb
     sub-directories of 1Mb or more:
     libs 25.0Mb
Flavors: r-devel-linux-x86_64-fedora-clang, r-devel-windows-ix86+x86_64, r-devel-windows-ix86+x86_64-gcc8, r-release-windows-ix86+x86_64, r-release-osx-x86_64, r-oldrel-windows-ix86+x86_64, r-oldrel-osx-x86_64