CRAN Package Check Results for Package mfbvar

Last updated on 2020-07-05 06:47:17 CEST.

Flavor Version Tinstall Tcheck Ttotal Status Flags
r-devel-linux-x86_64-debian-clang 0.5.4 555.06 123.45 678.51 NOTE
r-devel-linux-x86_64-debian-gcc 0.5.4 410.10 85.98 496.08 NOTE
r-devel-linux-x86_64-fedora-clang 0.5.4 940.44 NOTE
r-devel-linux-x86_64-fedora-gcc 0.5.4 821.82 NOTE
r-devel-windows-ix86+x86_64 0.5.4 1278.00 155.00 1433.00 NOTE
r-patched-linux-x86_64 0.5.4 418.97 111.47 530.44 NOTE
r-patched-solaris-x86 0.5.4 668.90 NOTE
r-release-linux-x86_64 0.5.4 424.89 112.31 537.20 NOTE
r-release-osx-x86_64 0.5.4 NOTE
r-release-windows-ix86+x86_64 0.5.4 968.00 151.00 1119.00 NOTE
r-oldrel-osx-x86_64 0.5.4 NOTE
r-oldrel-windows-ix86+x86_64 0.5.4 947.00 217.00 1164.00 NOTE

Check Details

Version: 0.5.4
Check: for GNU extensions in Makefiles
Result: NOTE
    GNU make is a SystemRequirements.
Flavors: r-devel-linux-x86_64-debian-clang, r-devel-linux-x86_64-debian-gcc, r-devel-linux-x86_64-fedora-clang, r-devel-linux-x86_64-fedora-gcc, r-devel-windows-ix86+x86_64, r-patched-linux-x86_64, r-patched-solaris-x86, r-release-linux-x86_64, r-release-osx-x86_64, r-release-windows-ix86+x86_64, r-oldrel-osx-x86_64, r-oldrel-windows-ix86+x86_64

Version: 0.5.4
Check: installed package size
Result: NOTE
     installed size is 28.9Mb
     sub-directories of 1Mb or more:
     libs 27.9Mb
Flavors: r-devel-linux-x86_64-fedora-clang, r-devel-windows-ix86+x86_64, r-release-osx-x86_64, r-release-windows-ix86+x86_64, r-oldrel-osx-x86_64, r-oldrel-windows-ix86+x86_64