CRAN Package Check Results for Package mfbvar

Last updated on 2019-07-23 08:49:34 CEST.

Flavor Version Tinstall Tcheck Ttotal Status Flags
r-devel-linux-x86_64-debian-clang 0.4.0 85.17 51.35 136.52 OK
r-devel-linux-x86_64-debian-gcc 0.4.0 69.28 40.45 109.73 OK
r-devel-linux-x86_64-fedora-clang 0.4.0 195.77 NOTE
r-devel-linux-x86_64-fedora-gcc 0.4.0 185.88 OK
r-devel-windows-ix86+x86_64 0.4.0 178.00 124.00 302.00 OK
r-patched-linux-x86_64 0.4.0 78.86 50.86 129.72 OK
r-patched-solaris-x86 0.4.0 197.70 OK
r-release-linux-x86_64 0.4.0 75.18 51.79 126.97 OK
r-release-windows-ix86+x86_64 0.4.0 162.00 81.00 243.00 OK
r-release-osx-x86_64 0.4.0 NOTE
r-oldrel-windows-ix86+x86_64 0.4.0 237.00 80.00 317.00 OK
r-oldrel-osx-x86_64 0.4.0 NOTE

Check Details

Version: 0.4.0
Check: installed package size
Result: NOTE
     installed size is 5.2Mb
     sub-directories of 1Mb or more:
     libs 4.9Mb
Flavors: r-devel-linux-x86_64-fedora-clang, r-release-osx-x86_64, r-oldrel-osx-x86_64