CRAN Package Check Results for Package mfdb

Last updated on 2022-06-25 08:52:04 CEST.

Flavor Version Tinstall Tcheck Ttotal Status Flags
r-devel-linux-x86_64-debian-clang 7.3-0 7.29 114.14 121.43 OK
r-devel-linux-x86_64-debian-gcc 7.3-1 5.27 86.21 91.48 OK
r-devel-linux-x86_64-fedora-clang 7.3-1 154.49 OK
r-devel-linux-x86_64-fedora-gcc 7.3-1 152.73 OK
r-devel-windows-x86_64 7.3-1 11.00 150.00 161.00 OK
r-patched-linux-x86_64 7.3-0 7.19 108.39 115.58 ERROR
r-release-linux-x86_64 7.3-1 7.83 106.02 113.85 OK
r-release-macos-arm64 7.3-1 50.00 OK
r-release-macos-x86_64 7.3-1 67.00 OK
r-release-windows-x86_64 7.3-1 11.00 155.00 166.00 OK
r-oldrel-macos-arm64 7.3-1 48.00 OK
r-oldrel-macos-x86_64 7.3-1 72.00 OK
r-oldrel-windows-ix86+x86_64 7.3-1 10.00 155.00 165.00 OK

Check Details

Version: 7.3-0
Check: re-building of vignette outputs
Result: ERROR
    Error(s) in re-building vignettes:
     ...
    --- re-building ‘import_hydrography_cmems.Rmd’ using rmarkdown
    not ok - extract mean bottom temperature by quarter and area
    # Test returned non-TRUE value:
    # Component "mean": Mean relative difference: 7.199337e-05
    --- finished re-building ‘import_hydrography_cmems.Rmd’
    
    --- re-building ‘population.Rmd’ using rmarkdown
    ok - Group/filter by populations
    --- finished re-building ‘population.Rmd’
    
    --- re-building ‘tow_data.Rmd’ using rmarkdown
    ok - Grouping / filtering by tow_depth
    ok - Unaggregated tow data
    ok - Using scale_index = 'tow_length'
    ok - scale = 'tow_length', grouping by tow_depth
    ok - Group by tow_bait_type
    ok - Unaggregated tow_net_type
    --- finished re-building ‘tow_data.Rmd’
    
    --- re-building ‘trip.Rmd’ using rmarkdown
    ok - trip_start_date = '2019-01-21'
    ok - trip_start_port = mfdb_group(...)
    ok - dplyr and sample_count produce same results
    --- finished re-building ‘trip.Rmd’
    
    --- re-building ‘weightmeasurements.Rmd’ using rmarkdown
    ok - measurements = c('overall', 'liver', 'gonad', 'stomach')
    ok - measurements = c('stomach')
    ok - measurements = c('liver', 'stomach')
    ok - measurements = c('overall', 'gonad')
    --- finished re-building ‘weightmeasurements.Rmd’
    
    # Looks like you failed 1 of 15 tests.
Flavor: r-patched-linux-x86_64