CRAN Package Check Results for Package mgcViz

Last updated on 2020-06-03 21:47:52 CEST.

Flavor Version Tinstall Tcheck Ttotal Status Flags
r-devel-linux-x86_64-debian-clang 0.1.6 19.99 321.89 341.88 OK
r-devel-linux-x86_64-debian-gcc 0.1.6 17.05 240.06 257.11 OK
r-devel-linux-x86_64-fedora-clang 0.1.6 407.99 NOTE
r-devel-linux-x86_64-fedora-gcc 0.1.6 413.96 OK
r-devel-windows-ix86+x86_64 0.1.6 55.00 554.00 609.00 NOTE
r-patched-linux-x86_64 0.1.6 18.31 309.66 327.97 OK
r-patched-solaris-x86 0.1.6 544.40 NOTE
r-release-linux-x86_64 0.1.6 20.85 312.37 333.22 OK
r-release-osx-x86_64 0.1.6 NOTE
r-release-windows-ix86+x86_64 0.1.6 40.00 387.00 427.00 NOTE
r-oldrel-osx-x86_64 0.1.6 WARN
r-oldrel-windows-ix86+x86_64 0.1.6 53.00 536.00 589.00 NOTE

Check Details

Version: 0.1.6
Check: installed package size
Result: NOTE
     installed size is 5.1Mb
     sub-directories of 1Mb or more:
     doc 4.4Mb
Flavors: r-devel-linux-x86_64-fedora-clang, r-devel-windows-ix86+x86_64, r-patched-solaris-x86, r-release-osx-x86_64, r-release-windows-ix86+x86_64, r-oldrel-osx-x86_64, r-oldrel-windows-ix86+x86_64

Version: 0.1.6
Check: whether package can be installed
Result: WARN
    Found the following significant warnings:
     Warning: 'rgl.init' failed, running with 'rgl.useNULL = TRUE'.
Flavor: r-oldrel-osx-x86_64