CRAN Package Check Results for Package mgcViz

Last updated on 2019-11-14 19:48:24 CET.

Flavor Version Tinstall Tcheck Ttotal Status Flags
r-devel-linux-x86_64-debian-clang 0.1.4 16.11 252.33 268.44 OK
r-devel-linux-x86_64-debian-gcc 0.1.4 13.85 191.89 205.74 OK
r-devel-linux-x86_64-fedora-clang 0.1.4 322.49 OK
r-devel-linux-x86_64-fedora-gcc 0.1.4 317.62 OK
r-devel-windows-ix86+x86_64 0.1.4 46.00 488.00 534.00 OK
r-patched-linux-x86_64 0.1.4 16.40 239.25 255.65 OK
r-patched-solaris-x86 0.1.4 442.80 NOTE
r-release-linux-x86_64 0.1.4 15.95 237.48 253.43 OK
r-release-windows-ix86+x86_64 0.1.4 30.00 372.00 402.00 OK
r-release-osx-x86_64 0.1.4 OK
r-oldrel-windows-ix86+x86_64 0.1.4 21.00 460.00 481.00 OK
r-oldrel-osx-x86_64 0.1.4 OK

Check Details

Version: 0.1.4
Check: installed package size
Result: NOTE
     installed size is 5.1Mb
     sub-directories of 1Mb or more:
     doc 4.3Mb
Flavor: r-patched-solaris-x86