CRAN Package Check Results for Package mgcv

Last updated on 2021-05-09 17:46:54 CEST.

Flavor Version Tinstall Tcheck Ttotal Status Flags
r-devel-linux-x86_64-debian-clang 1.8-35 100.13 504.76 604.89 OK
r-devel-linux-x86_64-debian-gcc 1.8-35 70.51 375.66 446.17 OK
r-devel-linux-x86_64-fedora-clang 1.8-35 737.79 NOTE
r-devel-linux-x86_64-fedora-gcc 1.8-35 716.79 OK
r-devel-windows-ix86+x86_64 1.8-35 116.00 856.00 972.00 OK
r-devel-windows-x86_64-gcc10-UCRT 1.8-35 OK
r-patched-linux-x86_64 1.8-35 88.70 488.36 577.06 OK
r-patched-solaris-x86 1.8-35 OK
r-release-linux-x86_64 1.8-35 81.15 461.48 542.63 OK
r-release-macos-x86_64 1.8-35 OK
r-release-windows-ix86+x86_64 1.8-35 120.00 634.00 754.00 OK
r-oldrel-macos-x86_64 1.8-35 OK
r-oldrel-windows-ix86+x86_64 1.8-35 159.00 645.00 804.00 OK

Check Details

Version: 1.8-35
Check: installed package size
Result: NOTE
     installed size is 5.1Mb
     sub-directories of 1Mb or more:
     R 1.8Mb
     libs 2.0Mb
Flavor: r-devel-linux-x86_64-fedora-clang