Last updated on 2022-06-27 09:50:18 CEST.
Flavor | Version | Tinstall | Tcheck | Ttotal | Status | Flags |
---|---|---|---|---|---|---|
r-devel-linux-x86_64-debian-clang | 1.8-40 | 111.60 | 513.13 | 624.73 | NOTE | |
r-devel-linux-x86_64-debian-gcc | 1.8-40 | 75.70 | 377.54 | 453.24 | NOTE | |
r-devel-linux-x86_64-fedora-clang | 1.8-40 | 744.02 | NOTE | |||
r-devel-linux-x86_64-fedora-gcc | 1.8-40 | 726.85 | NOTE | |||
r-devel-windows-x86_64 | 1.8-40 | 159.00 | 515.00 | 674.00 | NOTE | |
r-patched-linux-x86_64 | 1.8-40 | 90.20 | 488.53 | 578.73 | OK | |
r-release-linux-x86_64 | 1.8-40 | 79.26 | 488.02 | 567.28 | OK | |
r-release-macos-arm64 | 1.8-40 | 192.00 | OK | |||
r-release-macos-x86_64 | 1.8-40 | 245.00 | OK | |||
r-release-windows-x86_64 | 1.8-40 | 163.00 | 506.00 | 669.00 | OK | |
r-oldrel-macos-arm64 | 1.8-40 | 172.00 | OK | |||
r-oldrel-macos-x86_64 | 1.8-40 | 239.00 | OK | |||
r-oldrel-windows-ix86+x86_64 | 1.8-40 | 173.00 | 803.00 | 976.00 | OK |
Version: 1.8-40
Check: Rd files
Result: NOTE
checkRd: (-1) gam.fit3.Rd:4: Escaped LaTeX specials: \&
Flavors: r-devel-linux-x86_64-debian-clang, r-devel-linux-x86_64-debian-gcc, r-devel-linux-x86_64-fedora-clang, r-devel-linux-x86_64-fedora-gcc, r-devel-windows-x86_64