CRAN Package Check Results for Package mgcv

Last updated on 2021-01-26 15:49:50 CET.

Flavor Version Tinstall Tcheck Ttotal Status Flags
r-devel-linux-x86_64-debian-clang 1.8-33 104.15 501.85 606.00 OK
r-devel-linux-x86_64-debian-gcc 1.8-33 66.41 372.87 439.28 OK
r-devel-linux-x86_64-fedora-clang 1.8-33 728.79 NOTE
r-devel-linux-x86_64-fedora-gcc 1.8-33 710.09 OK
r-devel-windows-ix86+x86_64 1.8-33 2.00 7.00 9.00 ERROR
r-patched-linux-x86_64 1.8-33 82.42 464.27 546.69 OK
r-patched-solaris-x86 1.8-33 OK
r-release-linux-x86_64 1.8-33 85.41 468.94 554.35 OK
r-release-macos-x86_64 1.8-33 OK
r-release-windows-ix86+x86_64 1.8-33 169.00 674.00 843.00 OK
r-oldrel-macos-x86_64 1.8-33 OK
r-oldrel-windows-ix86+x86_64 1.8-33 131.00 802.00 933.00 OK

Additional issues

rchk

Check Details

Version: 1.8-33
Check: Rd cross-references
Result: NOTE
    Undeclared package ‘gam’ in Rd xrefs
Flavor: r-devel-linux-x86_64-fedora-clang

Version: 1.8-33
Check: whether package can be installed
Result: ERROR
    Installation failed.
Flavor: r-devel-windows-ix86+x86_64