CRAN Package Check Results for Package mgee2

Last updated on 2021-03-08 13:46:51 CET.

Flavor Version Tinstall Tcheck Ttotal Status Flags
r-devel-linux-x86_64-debian-clang 0.1 16.10 56.64 72.74 OK
r-devel-linux-x86_64-debian-gcc 0.1 7.99 42.54 50.53 OK
r-devel-linux-x86_64-fedora-clang 0.1 97.69 NOTE
r-devel-linux-x86_64-fedora-gcc 0.1 78.02 NOTE
r-devel-windows-ix86+x86_64 0.1 25.00 101.00 126.00 OK
r-devel-windows-x86_64-gcc10-UCRT 0.1 NOTE
r-patched-linux-x86_64 0.1 9.09 51.98 61.07 OK
r-patched-solaris-x86 0.1 101.00 NOTE
r-release-linux-x86_64 0.1 8.97 52.39 61.36 OK
r-release-macos-x86_64 0.1 NOTE
r-release-windows-ix86+x86_64 0.1 20.00 67.00 87.00 OK
r-oldrel-macos-x86_64 0.1 NOTE
r-oldrel-windows-ix86+x86_64 0.1 17.00 61.00 78.00 OK

Check Details

Version: 0.1
Check: dependencies in R code
Result: NOTE
    Namespace in Imports field not imported from: ‘Matrix’
     All declared Imports should be used.
Flavors: r-devel-linux-x86_64-fedora-clang, r-devel-linux-x86_64-fedora-gcc, r-devel-windows-x86_64-gcc10-UCRT, r-patched-solaris-x86, r-release-macos-x86_64, r-oldrel-macos-x86_64