CRAN Package Check Results for Package mgee2

Last updated on 2023-12-03 06:02:51 CET.

Flavor Version Tinstall Tcheck Ttotal Status Flags
r-devel-linux-x86_64-debian-clang 0.4 18.76 68.07 86.83 WARN
r-devel-linux-x86_64-debian-gcc 0.4 10.35 50.81 61.16 WARN
r-devel-linux-x86_64-fedora-clang 0.5 64.40 OK
r-devel-linux-x86_64-fedora-gcc 0.4 101.98 WARN
r-devel-windows-x86_64 0.4 12.00 68.00 80.00 WARN
r-patched-linux-x86_64 0.4 13.42 63.60 77.02 OK
r-release-linux-x86_64 0.4 9.73 62.80 72.53 OK
r-release-macos-arm64 0.4 38.00 OK
r-release-macos-x86_64 0.4 64.00 OK
r-release-windows-x86_64 0.4 16.00 79.00 95.00 OK
r-oldrel-macos-arm64 0.4 33.00 OK
r-oldrel-macos-x86_64 0.4 47.00 OK
r-oldrel-windows-x86_64 0.4 16.00 79.00 95.00 OK

Check Details

Version: 0.4
Check: whether package can be installed
Result: WARN Found the following significant warnings: mgee2.c:1277:8: warning: format specifies type 'int' but the argument has type 'unsigned long' [-Wformat] See ‘/home/hornik/tmp/R.check/r-devel-clang/Work/PKGS/mgee2.Rcheck/00install.out’ for details. * used C compiler: ‘Debian clang version 17.0.5 (1)’ Flavor: r-devel-linux-x86_64-debian-clang

Version: 0.4
Check: whether package can be installed
Result: WARN Found the following significant warnings: mgee2.c:1276:53: warning: format ‘%d’ expects argument of type ‘int’, but argument 2 has type ‘long unsigned int’ [-Wformat=] See ‘/home/hornik/tmp/R.check/r-devel-gcc/Work/PKGS/mgee2.Rcheck/00install.out’ for details. * used C compiler: ‘gcc-13 (Debian 13.2.0-5) 13.2.0’ Flavor: r-devel-linux-x86_64-debian-gcc

Version: 0.4
Check: whether package can be installed
Result: WARN Found the following significant warnings: mgee2.c:1276:53: warning: format '%d' expects argument of type 'int', but argument 2 has type 'long unsigned int' [-Wformat=] See ‘/data/gannet/ripley/R/packages/tests-devel/mgee2.Rcheck/00install.out’ for details. * used C compiler: ‘gcc-13 (GCC) 13.2.0’ Flavor: r-devel-linux-x86_64-fedora-gcc

Version: 0.4
Check: whether package can be installed
Result: WARN Found the following significant warnings: mgee2.c:1276:53: warning: format '%d' expects argument of type 'int', but argument 2 has type 'long long unsigned int' [-Wformat=] See 'd:/Rcompile/CRANpkg/local/4.4/mgee2.Rcheck/00install.out' for details. * used C compiler: 'gcc.exe (GCC) 12.3.0' Flavor: r-devel-windows-x86_64