CRAN Package Check Results for Package mhcnuggetsr

Last updated on 2021-12-07 11:52:04 CET.

Flavor Version Tinstall Tcheck Ttotal Status Flags
r-devel-linux-x86_64-debian-clang 1.1 2.74 196.85 199.59 NOTE
r-devel-linux-x86_64-debian-gcc 1.1 2.23 149.80 152.03 NOTE
r-devel-linux-x86_64-fedora-clang 1.1 130.88 NOTE
r-devel-linux-x86_64-fedora-gcc 1.1 119.21 NOTE
r-devel-windows-x86_64-new-UL 1.1 12.00 222.00 234.00 NOTE
r-devel-windows-x86_64-new-TK 1.1 NOTE
r-devel-windows-x86_64-old 1.1 6.00 101.00 107.00 NOTE
r-patched-linux-x86_64 1.1 3.24 192.25 195.49 NOTE
r-release-linux-x86_64 1.1 2.81 191.50 194.31 NOTE
r-release-macos-arm64 1.1 NOTE
r-release-macos-x86_64 1.1 NOTE
r-release-windows-ix86+x86_64 1.1 6.00 144.00 150.00 NOTE
r-oldrel-macos-x86_64 1.1 OK
r-oldrel-windows-ix86+x86_64 1.1 7.00 135.00 142.00 OK

Check Details

Version: 1.1
Check: LazyData
Result: NOTE
     'LazyData' is specified without a 'data' directory
Flavors: r-devel-linux-x86_64-debian-clang, r-devel-linux-x86_64-debian-gcc, r-devel-linux-x86_64-fedora-clang, r-devel-linux-x86_64-fedora-gcc, r-devel-windows-x86_64-new-UL, r-devel-windows-x86_64-new-TK, r-devel-windows-x86_64-old, r-patched-linux-x86_64, r-release-linux-x86_64, r-release-macos-arm64, r-release-macos-x86_64, r-release-windows-ix86+x86_64