Last updated on 2023-02-06 03:54:37 CET.
Flavor | Version | Tinstall | Tcheck | Ttotal | Status | Flags |
---|---|---|---|---|---|---|
r-devel-linux-x86_64-debian-clang | 1.3.3 | 5.35 | 115.35 | 120.70 | NOTE | |
r-devel-linux-x86_64-debian-gcc | 1.3.3 | 4.62 | 81.52 | 86.14 | NOTE | |
r-devel-linux-x86_64-fedora-clang | 1.3.3 | 150.66 | NOTE | |||
r-devel-linux-x86_64-fedora-gcc | 1.3.3 | 152.75 | NOTE | |||
r-devel-windows-x86_64 | 1.3.3 | 17.00 | 158.00 | 175.00 | NOTE | |
r-patched-linux-x86_64 | 1.3.3 | 6.15 | 106.55 | 112.70 | NOTE | |
r-release-linux-x86_64 | 1.3.3 | 6.07 | 110.24 | 116.31 | NOTE | |
r-release-macos-arm64 | 1.3.3 | 47.00 | NOTE | |||
r-release-macos-x86_64 | 1.3.3 | 93.00 | NOTE | |||
r-release-windows-x86_64 | 1.3.3 | 12.00 | 174.00 | 186.00 | NOTE | |
r-oldrel-macos-arm64 | 1.3.3 | 48.00 | NOTE | |||
r-oldrel-macos-x86_64 | 1.3.3 | 71.00 | NOTE | |||
r-oldrel-windows-ix86+x86_64 | 1.3.3 | 16.00 | 144.00 | 160.00 | NOTE |
Version: 1.3.3
Check: LazyData
Result: NOTE
'LazyData' is specified without a 'data' directory
Flavors: r-devel-linux-x86_64-debian-clang, r-devel-linux-x86_64-debian-gcc, r-devel-linux-x86_64-fedora-clang, r-devel-linux-x86_64-fedora-gcc, r-devel-windows-x86_64, r-patched-linux-x86_64, r-release-linux-x86_64, r-release-macos-arm64, r-release-macos-x86_64, r-release-windows-x86_64, r-oldrel-macos-arm64, r-oldrel-macos-x86_64, r-oldrel-windows-ix86+x86_64