CRAN Package Check Results for Package mi4p

Last updated on 2021-10-22 14:54:45 CEST.

Flavor Version Tinstall Tcheck Ttotal Status Flags
r-devel-linux-x86_64-debian-clang 0.7 2.61 70.80 73.41 OK
r-devel-linux-x86_64-debian-gcc 0.7 3.16 56.22 59.38 OK
r-devel-linux-x86_64-fedora-clang 0.7 101.60 OK
r-devel-linux-x86_64-fedora-gcc 0.7 91.38 OK
r-devel-windows-x86_64 0.7 10.00 114.00 124.00 OK
r-devel-windows-x86_64-gcc10-UCRT 0.7 ERROR
r-patched-linux-x86_64 0.7 4.56 67.52 72.08 WARN
r-patched-solaris-x86 0.7 4.70 ERROR
r-release-linux-x86_64 0.7 2.39 67.92 70.31 WARN
r-release-macos-arm64 0.7 ERROR
r-release-macos-x86_64 0.7 ERROR
r-release-windows-ix86+x86_64 0.7 9.00 108.00 117.00 WARN
r-oldrel-macos-x86_64 0.7 ERROR
r-oldrel-windows-ix86+x86_64 0.7 15.00 110.00 125.00 WARN

Check Details

Version: 0.7
Check: package dependencies
Result: ERROR
    Package required but not available: 'DAPAR'
    
    See section 'The DESCRIPTION file' in the 'Writing R Extensions'
    manual.
Flavors: r-devel-windows-x86_64-gcc10-UCRT, r-patched-solaris-x86, r-release-macos-arm64, r-release-macos-x86_64, r-oldrel-macos-x86_64

Version: 0.7
Check: re-building of vignette outputs
Result: WARN
    Error(s) in re-building vignettes:
     ...
    --- re-building ‘Intromi4p.Rmd’ using rmarkdown
    Error: processing vignette 'Intromi4p.Rmd' failed with diagnostics:
    there is no package called ‘prettydoc’
    --- failed re-building ‘Intromi4p.Rmd’
    
    SUMMARY: processing the following file failed:
     ‘Intromi4p.Rmd’
    
    Error: Vignette re-building failed.
    Execution halted
Flavors: r-patched-linux-x86_64, r-release-linux-x86_64

Version: 0.7
Check: re-building of vignette outputs
Result: WARN
    Error(s) in re-building vignettes:
    --- re-building 'Intromi4p.Rmd' using rmarkdown
    Error: processing vignette 'Intromi4p.Rmd' failed with diagnostics:
    there is no package called 'prettydoc'
    --- failed re-building 'Intromi4p.Rmd'
    
    SUMMARY: processing the following file failed:
     'Intromi4p.Rmd'
    
    Error: Vignette re-building failed.
    Execution halted
Flavors: r-release-windows-ix86+x86_64, r-oldrel-windows-ix86+x86_64