CRAN Package Check Results for Package miRtest

Last updated on 2020-03-30 08:50:44 CEST.

Flavor Version Tinstall Tcheck Ttotal Status Flags
r-devel-linux-x86_64-debian-clang 1.8 25.74 225.22 250.96 NOTE
r-devel-linux-x86_64-debian-gcc 1.8 19.88 171.96 191.84 NOTE
r-devel-linux-x86_64-fedora-clang 1.8 302.29 NOTE
r-devel-linux-x86_64-fedora-gcc 1.8 292.86 NOTE
r-devel-windows-ix86+x86_64 1.8 5.00 6.00 11.00 ERROR
r-devel-windows-ix86+x86_64-gcc8 1.8 4.00 5.00 9.00 ERROR
r-patched-linux-x86_64 1.8 19.43 210.77 230.20 NOTE
r-patched-solaris-x86 1.8 449.40 NOTE
r-release-linux-x86_64 1.8 18.09 191.73 209.82 NOTE
r-release-windows-ix86+x86_64 1.8 69.00 225.00 294.00 NOTE
r-release-osx-x86_64 1.8 NOTE
r-oldrel-windows-ix86+x86_64 1.8 41.00 261.00 302.00 NOTE
r-oldrel-osx-x86_64 1.8 NOTE

Check Details

Version: 1.8
Check: DESCRIPTION meta-information
Result: NOTE
    Malformed Description field: should contain one or more complete sentences.
Flavors: r-devel-linux-x86_64-debian-clang, r-devel-linux-x86_64-debian-gcc, r-devel-linux-x86_64-fedora-clang, r-devel-linux-x86_64-fedora-gcc, r-patched-linux-x86_64, r-patched-solaris-x86, r-release-linux-x86_64, r-release-windows-ix86+x86_64, r-release-osx-x86_64, r-oldrel-windows-ix86+x86_64, r-oldrel-osx-x86_64

Version: 1.8
Check: R code for possible problems
Result: NOTE
    fisher.combination: no visible global function definition for 'pchisq'
    gs.test: no visible global function definition for 'ks.test'
    gs.test: no visible global function definition for 'wilcox.test'
    gs.test: no visible global function definition for 'fisher.test'
    inverse.normal.combination: no visible global function definition for
     'qnorm'
    inverse.normal.combination: no visible global function definition for
     'pnorm'
    limma.one.sided: no visible global function definition for 'pt'
    Undefined global functions or variables:
     fisher.test ks.test pchisq pnorm pt qnorm wilcox.test
    Consider adding
     importFrom("stats", "fisher.test", "ks.test", "pchisq", "pnorm", "pt",
     "qnorm", "wilcox.test")
    to your NAMESPACE file.
Flavors: r-devel-linux-x86_64-debian-clang, r-devel-linux-x86_64-debian-gcc, r-devel-linux-x86_64-fedora-clang, r-devel-linux-x86_64-fedora-gcc, r-patched-linux-x86_64, r-patched-solaris-x86, r-release-linux-x86_64, r-release-windows-ix86+x86_64, r-release-osx-x86_64, r-oldrel-windows-ix86+x86_64, r-oldrel-osx-x86_64

Version: 1.8
Check: whether package can be installed
Result: ERROR
    Installation failed.
Flavors: r-devel-windows-ix86+x86_64, r-devel-windows-ix86+x86_64-gcc8