Last updated on 2023-06-07 17:55:42 CEST.
Flavor | Version | Tinstall | Tcheck | Ttotal | Status | Flags |
---|---|---|---|---|---|---|
r-devel-linux-x86_64-debian-clang | 0.6-18 | 8.52 | 86.06 | 94.58 | OK | |
r-devel-linux-x86_64-debian-gcc | 0.6-18 | 5.30 | 63.40 | 68.70 | OK | |
r-devel-linux-x86_64-fedora-clang | 0.6-18 | 115.63 | NOTE | |||
r-devel-linux-x86_64-fedora-gcc | 0.6-18 | 115.07 | OK | |||
r-devel-windows-x86_64 | 0.6-18 | 7.00 | 85.00 | 92.00 | OK | |
r-patched-linux-x86_64 | 0.6-18 | 8.57 | 80.74 | 89.31 | OK | |
r-release-linux-x86_64 | 0.6-18 | 8.02 | 80.28 | 88.30 | OK | |
r-release-macos-arm64 | 0.6-18 | 36.00 | OK | |||
r-release-macos-x86_64 | 0.6-18 | 60.00 | OK | |||
r-release-windows-x86_64 | 0.6-18 | 10.00 | 98.00 | 108.00 | OK | |
r-oldrel-macos-arm64 | 0.6-18 | 38.00 | OK | |||
r-oldrel-macos-x86_64 | 0.6-18 | 48.00 | OK | |||
r-oldrel-windows-x86_64 | 0.6-18 | 8.00 | 106.00 | 114.00 | OK |
Version: 0.6-18
Check: Rd cross-references
Result: NOTE
Undeclared packages ‘micEconAids’, ‘micEconSNQP’ in Rd xrefs
Flavor: r-devel-linux-x86_64-fedora-clang