CRAN Package Check Results for Package mice

Last updated on 2021-04-15 11:48:04 CEST.

Flavor Version Tinstall Tcheck Ttotal Status Flags
r-devel-linux-x86_64-debian-clang 3.13.0 45.00 209.20 254.20 OK
r-devel-linux-x86_64-debian-gcc 3.13.0 27.18 153.69 180.87 OK
r-devel-linux-x86_64-fedora-clang 3.13.0 325.21 OK
r-devel-linux-x86_64-fedora-gcc 3.13.0 308.59 OK
r-devel-windows-ix86+x86_64 3.13.0 101.00 4.00 105.00 ERROR
r-devel-windows-x86_64-gcc10-UCRT 3.13.0 OK
r-patched-linux-x86_64 3.13.0 33.21 197.17 230.38 OK
r-patched-solaris-x86 3.13.0 399.10 OK
r-release-linux-x86_64 3.13.0 33.74 198.89 232.63 OK
r-release-macos-x86_64 3.13.0 OK
r-release-windows-ix86+x86_64 3.13.0 94.00 481.00 575.00 OK
r-oldrel-macos-x86_64 3.13.0 OK
r-oldrel-windows-ix86+x86_64 3.13.0 65.00 318.00 383.00 OK

Check Details

Version: 3.13.0
Check: whether package can be installed
Result: ERROR
    Installation failed.
    See
Flavor: r-devel-windows-ix86+x86_64