Last updated on 2023-12-11 06:48:27 CET.
Flavor | Version | Tinstall | Tcheck | Ttotal | Status | Flags |
---|---|---|---|---|---|---|
r-devel-linux-x86_64-debian-clang | 3.16.0 | 58.67 | 312.31 | 370.98 | NOTE | |
r-devel-linux-x86_64-debian-gcc | 3.16.0 | 44.43 | 228.22 | 272.65 | NOTE | |
r-devel-linux-x86_64-fedora-clang | 3.16.0 | 472.85 | OK | |||
r-devel-linux-x86_64-fedora-gcc | 3.16.0 | 450.70 | OK | |||
r-devel-windows-x86_64 | 3.16.0 | 54.00 | 299.00 | 353.00 | OK | |
r-patched-linux-x86_64 | 3.16.0 | 57.32 | 303.88 | 361.20 | OK | |
r-release-linux-x86_64 | 3.16.0 | 52.87 | 297.67 | 350.54 | OK | |
r-release-macos-arm64 | 3.16.0 | 90.00 | OK | |||
r-release-macos-x86_64 | 3.16.0 | 164.00 | OK | |||
r-release-windows-x86_64 | 3.16.0 | 68.00 | 397.00 | 465.00 | OK | |
r-oldrel-macos-arm64 | 3.16.0 | 98.00 | OK | |||
r-oldrel-macos-x86_64 | 3.16.0 | 164.00 | OK | |||
r-oldrel-windows-x86_64 | 3.16.0 | 64.00 | 343.00 | 407.00 | OK |
Version: 3.16.0
Check: Rd files
Result: NOTE
checkRd: (-1) ampute.Rd:143: Lost braces
143 | we refer to \doi{10.1177/0049124118799376}{Schouten and Vink, 2018}.
| ^
checkRd: (-1) ampute.Rd:188: Lost braces
188 | \doi{10.1080/00949655.2018.1491577}{Schouten, Lugtig and Vink, 2018}.
| ^
checkRd: (-1) ampute.Rd:223: Lost braces
223 | Schouten, R.M. and Vink, G. (2018){The Dance of the Mechanisms: How Observed Information Influences the Validity of Missingness Assumptions}.
| ^
checkRd: (-1) mice.Rd:348: Lost braces; missing escapes or markup?
348 | The \pkg{mice} software was published in the {Journal of Statistical Software} (Van Buuren and Groothuis-Oudshoorn, 2011). \doi{10.18637/jss.v045.i03}
| ^
checkRd: (-1) mice.impute.pmm.Rd:87: Lost braces; missing escapes or markup?
87 | \item{Construct \eqn{n_0} sets \eqn{Z_j}, each containing \eqn{d} candidate donors, from Y_{obs} such that \eqn{\sum_d\dot\eta(i,j)} is minimum for all \eqn{j=1,\dots,n_0}. Break ties randomly.}
| ^
Flavors: r-devel-linux-x86_64-debian-clang, r-devel-linux-x86_64-debian-gcc