Last updated on 2019-12-10 15:48:06 CET.
Flavor | Version | Tinstall | Tcheck | Ttotal | Status | Flags |
---|---|---|---|---|---|---|
r-devel-linux-x86_64-debian-clang | 3.6.0 | 35.15 | 232.92 | 268.07 | WARN | |
r-devel-linux-x86_64-debian-gcc | 3.6.0 | 25.98 | 170.84 | 196.82 | WARN | |
r-devel-linux-x86_64-fedora-clang | 3.6.0 | 315.89 | WARN | |||
r-devel-linux-x86_64-fedora-gcc | 3.6.0 | 309.77 | WARN | |||
r-devel-windows-ix86+x86_64 | 3.6.0 | 70.00 | 524.00 | 594.00 | OK | |
r-devel-windows-ix86+x86_64-gcc8 | 3.6.0 | 87.00 | 555.00 | 642.00 | OK | |
r-patched-linux-x86_64 | 3.6.0 | 26.45 | 202.49 | 228.94 | WARN | |
r-patched-solaris-x86 | 3.6.0 | 402.10 | WARN | |||
r-release-linux-x86_64 | 3.6.0 | 29.47 | 206.87 | 236.34 | WARN | |
r-release-windows-ix86+x86_64 | 3.6.0 | 68.00 | 385.00 | 453.00 | OK | |
r-release-osx-x86_64 | 3.6.0 | OK | ||||
r-oldrel-windows-ix86+x86_64 | 3.6.0 | 50.00 | 356.00 | 406.00 | OK | |
r-oldrel-osx-x86_64 | 3.6.0 | OK |
Version: 3.6.0
Check: package dependencies
Result: NOTE
Package suggested but not available for checking: 'CALIBERrfimpute'
Flavors: r-devel-linux-x86_64-debian-clang, r-devel-linux-x86_64-debian-gcc, r-devel-linux-x86_64-fedora-clang, r-devel-linux-x86_64-fedora-gcc, r-patched-linux-x86_64, r-patched-solaris-x86, r-release-linux-x86_64
Version: 3.6.0
Check: Rd cross-references
Result: WARN
Unknown package 'CALIBERrfimpute' in Rd xrefs
Flavors: r-devel-linux-x86_64-debian-clang, r-devel-linux-x86_64-debian-gcc, r-devel-linux-x86_64-fedora-clang, r-devel-linux-x86_64-fedora-gcc, r-patched-linux-x86_64, r-patched-solaris-x86, r-release-linux-x86_64