CRAN Package Check Results for Package miceFast

Last updated on 2020-09-24 04:57:24 CEST.

Flavor Version Tinstall Tcheck Ttotal Status Flags
r-devel-linux-x86_64-debian-clang 0.6.2 125.24 86.98 212.22 OK
r-devel-linux-x86_64-debian-gcc 0.6.2 93.68 61.74 155.42 OK
r-devel-linux-x86_64-fedora-clang 0.6.2 294.71 NOTE
r-devel-linux-x86_64-fedora-gcc 0.6.2 259.86 OK
r-devel-windows-ix86+x86_64 0.6.2 273.00 162.00 435.00 OK
r-patched-linux-x86_64 0.6.2 93.92 76.40 170.32 OK
r-patched-solaris-x86 0.6.2 237.30 OK
r-release-linux-x86_64 0.6.2 98.56 78.28 176.84 OK
r-release-macos-x86_64 0.6.2 NOTE
r-release-windows-ix86+x86_64 0.6.2 241.00 164.00 405.00 OK
r-oldrel-macos-x86_64 0.6.2 NOTE
r-oldrel-windows-ix86+x86_64 0.6.2 188.00 157.00 345.00 OK

Check Details

Version: 0.6.2
Check: installed package size
Result: NOTE
     installed size is 11.0Mb
     sub-directories of 1Mb or more:
     libs 10.0Mb
Flavors: r-devel-linux-x86_64-fedora-clang, r-release-macos-x86_64, r-oldrel-macos-x86_64