CRAN Package Check Results for Package miceFast

Last updated on 2020-02-20 09:48:58 CET.

Flavor Version Tinstall Tcheck Ttotal Status Flags
r-devel-linux-x86_64-debian-clang 0.5.1 112.44 63.73 176.17 OK
r-devel-linux-x86_64-debian-gcc 0.5.1 82.45 44.64 127.09 OK
r-devel-linux-x86_64-fedora-clang 0.5.1 240.65 NOTE
r-devel-linux-x86_64-fedora-gcc 0.5.1 229.36 OK
r-devel-windows-ix86+x86_64 0.5.1 187.00 99.00 286.00 OK
r-devel-windows-ix86+x86_64-gcc8 0.5.1 281.00 144.00 425.00 OK
r-patched-linux-x86_64 0.5.1 92.21 50.80 143.01 OK
r-patched-solaris-x86 0.5.1 213.10 OK
r-release-linux-x86_64 0.5.1 91.48 50.61 142.09 OK
r-release-windows-ix86+x86_64 0.5.1 188.00 88.00 276.00 OK
r-release-osx-x86_64 0.5.1 NOTE
r-oldrel-windows-ix86+x86_64 0.5.1 190.00 91.00 281.00 OK
r-oldrel-osx-x86_64 0.5.1 NOTE

Check Details

Version: 0.5.1
Check: installed package size
Result: NOTE
     installed size is 10.7Mb
     sub-directories of 1Mb or more:
     libs 9.3Mb
Flavors: r-devel-linux-x86_64-fedora-clang, r-release-osx-x86_64, r-oldrel-osx-x86_64