Last updated on 2022-07-04 14:51:32 CEST.
Flavor | Version | Tinstall | Tcheck | Ttotal | Status | Flags |
---|---|---|---|---|---|---|
r-devel-linux-x86_64-debian-clang | 0.8.1 | 116.16 | 90.42 | 206.58 | OK | |
r-devel-linux-x86_64-debian-gcc | 0.8.1 | 99.94 | 62.37 | 162.31 | OK | |
r-devel-linux-x86_64-fedora-clang | 0.8.1 | 310.25 | NOTE | |||
r-devel-linux-x86_64-fedora-gcc | 0.8.1 | 271.28 | OK | |||
r-devel-windows-x86_64 | 0.8.1 | 126.00 | 132.00 | 258.00 | OK | |
r-patched-linux-x86_64 | 0.8.1 | 109.79 | 80.44 | 190.23 | OK | |
r-release-linux-x86_64 | 0.8.1 | 103.39 | 80.02 | 183.41 | OK | |
r-release-macos-arm64 | 0.8.1 | 65.00 | NOTE | |||
r-release-macos-x86_64 | 0.8.1 | 87.00 | NOTE | |||
r-release-windows-x86_64 | 0.8.1 | 99.00 | 136.00 | 235.00 | OK | |
r-oldrel-macos-arm64 | 0.8.1 | 66.00 | NOTE | |||
r-oldrel-macos-x86_64 | 0.8.1 | 86.00 | NOTE | |||
r-oldrel-windows-ix86+x86_64 | 0.8.1 | 283.00 | 166.00 | 449.00 | OK |
Version: 0.8.1
Check: installed package size
Result: NOTE
installed size is 7.6Mb
sub-directories of 1Mb or more:
doc 1.0Mb
libs 6.4Mb
Flavors: r-devel-linux-x86_64-fedora-clang, r-release-macos-arm64, r-release-macos-x86_64, r-oldrel-macos-arm64, r-oldrel-macos-x86_64