CRAN Package Check Results for Package miceFast

Last updated on 2018-05-25 23:50:45 CEST.

Flavor Version Tinstall Tcheck Ttotal Status Flags
r-devel-linux-x86_64-debian-clang 0.2.3 84.40 40.08 124.48 WARN
r-devel-linux-x86_64-debian-gcc 0.2.3 68.47 31.64 100.11 WARN
r-devel-linux-x86_64-fedora-clang 0.2.3 183.66 NOTE
r-devel-linux-x86_64-fedora-gcc 0.2.3 164.54 NOTE
r-devel-windows-ix86+x86_64 0.2.3 173.00 77.00 250.00 OK
r-patched-linux-x86_64 0.2.3 81.86 35.10 116.96 WARN
r-patched-solaris-x86 0.2.3 165.30 OK
r-release-linux-x86_64 0.2.3 82.15 35.01 117.16 WARN
r-release-windows-ix86+x86_64 0.2.3 225.00 93.00 318.00 OK
r-release-osx-x86_64 0.2.3 NOTE
r-oldrel-windows-ix86+x86_64 0.2.3 227.00 78.00 305.00 OK
r-oldrel-osx-x86_64 0.1.0 NOTE

Check Details

Version: 0.2.3
Check: re-building of vignette outputs
Result: WARN
    Error in re-building vignettes:
     ...
    Quitting from lines 301-306 (miceFast-intro.Rmd)
    Error: processing vignette ‘miceFast-intro.Rmd’ failed with diagnostics:
    no method to invoke
    Execution halted
Flavors: r-devel-linux-x86_64-debian-clang, r-devel-linux-x86_64-debian-gcc, r-patched-linux-x86_64, r-release-linux-x86_64

Version: 0.2.3
Check: installed package size
Result: NOTE
     installed size is 8.8Mb
     sub-directories of 1Mb or more:
     libs 7.5Mb
Flavors: r-devel-linux-x86_64-fedora-clang, r-devel-linux-x86_64-fedora-gcc, r-release-osx-x86_64

Version: 0.1.0
Check: installed package size
Result: NOTE
     installed size is 6.7Mb
     sub-directories of 1Mb or more:
     libs 6.0Mb
Flavor: r-oldrel-osx-x86_64