CRAN Package Check Results for Package miceFast

Last updated on 2018-10-20 10:48:48 CEST.

Flavor Version Tinstall Tcheck Ttotal Status Flags
r-devel-linux-x86_64-debian-clang 0.2.3 88.67 43.90 132.57 NOTE
r-devel-linux-x86_64-debian-gcc 0.2.3 75.83 35.62 111.45 NOTE
r-devel-linux-x86_64-fedora-clang 0.2.3 196.34 NOTE
r-devel-linux-x86_64-fedora-gcc 0.2.3 177.94 NOTE
r-devel-windows-ix86+x86_64 0.2.3 224.00 102.00 326.00 OK
r-patched-linux-x86_64 0.2.3 96.11 36.08 132.19 WARN
r-patched-solaris-x86 0.2.3 165.30 OK
r-release-linux-x86_64 0.2.3 92.66 36.34 129.00 WARN
r-release-windows-ix86+x86_64 0.2.3 238.00 111.00 349.00 OK
r-release-osx-x86_64 0.2.3 NOTE
r-oldrel-windows-ix86+x86_64 0.2.3 183.00 110.00 293.00 OK
r-oldrel-osx-x86_64 0.2.3 NOTE

Check Details

Version: 0.2.3
Check: use of SHLIB_OPENMP_*FLAGS in Makefiles
Result: NOTE
     src/Makevars: SHLIB_OPENMP_CXXFLAGS is included in PKG_CXXFLAGS but not in PKG_LIBS
     src/Makevars: SHLIB_OPENMP_CFLAGS is included in PKG_LIBS but not in PKG_CFLAGS
     src/Makevars.win: SHLIB_OPENMP_CXXFLAGS is included in PKG_CXXFLAGS but not in PKG_LIBS
     src/Makevars.win: SHLIB_OPENMP_CFLAGS is included in PKG_LIBS but not in PKG_CFLAGS
    Use of these macros is discussed in sect 1.2.1.1 of ‘Writing R
    Extensions’. The macros for different languages may differ so the
    matching macro must be used in PKG_CXXFLAGS (etc) and match that used
    in PKG_LIBS (except for F77: see the manual).
Flavors: r-devel-linux-x86_64-debian-clang, r-devel-linux-x86_64-debian-gcc, r-devel-linux-x86_64-fedora-clang, r-devel-linux-x86_64-fedora-gcc

Version: 0.2.3
Check: installed package size
Result: NOTE
     installed size is 9.2Mb
     sub-directories of 1Mb or more:
     libs 8.0Mb
Flavors: r-devel-linux-x86_64-fedora-clang, r-release-osx-x86_64, r-oldrel-osx-x86_64

Version: 0.2.3
Check: re-building of vignette outputs
Result: WARN
    Error in re-building vignettes:
     ...
    Quitting from lines 301-306 (miceFast-intro.Rmd)
    Error: processing vignette ‘miceFast-intro.Rmd’ failed with diagnostics:
    no method to invoke
    Execution halted
Flavors: r-patched-linux-x86_64, r-release-linux-x86_64