CRAN Package Check Results for Package microbial

Last updated on 2021-03-03 12:47:08 CET.

Flavor Version Tinstall Tcheck Ttotal Status Flags
r-devel-linux-x86_64-debian-clang 0.0.17 OK
r-devel-linux-x86_64-debian-gcc 0.0.17 47.19 381.39 428.58 OK
r-devel-linux-x86_64-fedora-clang 0.0.17 706.49 NOTE
r-devel-linux-x86_64-fedora-gcc 0.0.17 666.24 NOTE
r-devel-windows-ix86+x86_64 0.0.17 125.00 595.00 720.00 OK
r-patched-linux-x86_64 0.0.17 41.10 468.24 509.34 OK
r-patched-solaris-x86 0.0.17 978.90 NOTE
r-release-linux-x86_64 0.0.17 38.79 476.21 515.00 OK
r-release-macos-x86_64 0.0.17 ERROR
r-release-windows-ix86+x86_64 0.0.17 90.00 404.00 494.00 OK
r-oldrel-macos-x86_64 0.0.17 ERROR
r-oldrel-windows-ix86+x86_64 0.0.17 108.00 831.00 939.00 OK

Check Details

Version: 0.0.17
Check: package dependencies
Result: NOTE
    Imports includes 22 non-default packages.
    Importing from so many packages makes the package vulnerable to any of
    them becoming unavailable. Move as many as possible to Suggests and
    use conditionally.
Flavor: r-devel-linux-x86_64-fedora-clang

Version: 0.0.17
Check: dependencies in R code
Result: NOTE
    Namespaces in Imports field not imported from:
     ‘knitr’ ‘tools’
     All declared Imports should be used.
Flavors: r-devel-linux-x86_64-fedora-clang, r-devel-linux-x86_64-fedora-gcc, r-patched-solaris-x86

Version: 0.0.17
Check: package dependencies
Result: ERROR
    Packages required but not available: 'dada2', 'DECIPHER'
    
    See section ‘The DESCRIPTION file’ in the ‘Writing R Extensions’
    manual.
Flavors: r-release-macos-x86_64, r-oldrel-macos-x86_64