CRAN Package Check Results for Package microclass

Last updated on 2021-09-27 13:48:35 CEST.

Flavor Version Tinstall Tcheck Ttotal Status Flags
r-devel-linux-x86_64-debian-clang 1.2 83.73 70.91 154.64 NOTE
r-devel-linux-x86_64-debian-gcc 1.2 54.94 53.86 108.80 NOTE
r-devel-linux-x86_64-fedora-clang 1.2 220.41 NOTE
r-devel-linux-x86_64-fedora-gcc 1.2 189.06 NOTE
r-devel-windows-x86_64 1.2 77.00 81.00 158.00 NOTE
r-devel-windows-x86_64-gcc10-UCRT 1.2 NOTE
r-patched-linux-x86_64 1.2 69.66 67.91 137.57 NOTE
r-patched-solaris-x86 1.2 228.30 NOTE
r-release-linux-x86_64 1.2 67.04 66.68 133.72 NOTE
r-release-macos-arm64 1.2 NOTE
r-release-macos-x86_64 1.2 NOTE
r-release-windows-ix86+x86_64 1.2 193.00 94.00 287.00 NOTE
r-oldrel-macos-x86_64 1.2 NOTE
r-oldrel-windows-ix86+x86_64 1.2 139.00 102.00 241.00 NOTE

Check Details

Version: 1.2
Check: for GNU extensions in Makefiles
Result: NOTE
    GNU make is a SystemRequirements.
Flavors: r-devel-linux-x86_64-debian-clang, r-devel-linux-x86_64-debian-gcc, r-devel-linux-x86_64-fedora-clang, r-devel-linux-x86_64-fedora-gcc, r-devel-windows-x86_64, r-devel-windows-x86_64-gcc10-UCRT, r-patched-linux-x86_64, r-patched-solaris-x86, r-release-linux-x86_64, r-release-macos-arm64, r-release-macos-x86_64, r-release-windows-ix86+x86_64, r-oldrel-macos-x86_64, r-oldrel-windows-ix86+x86_64

Version: 1.2
Check: dependencies in R code
Result: NOTE
    Namespace in Imports field not imported from: ‘tibble’
     All declared Imports should be used.
Flavors: r-devel-linux-x86_64-fedora-clang, r-devel-linux-x86_64-fedora-gcc, r-devel-windows-x86_64-gcc10-UCRT, r-patched-solaris-x86, r-release-macos-arm64, r-release-macos-x86_64, r-oldrel-macos-x86_64