CRAN Package Check Results for Package microsimulation

Last updated on 2021-10-21 17:51:15 CEST.

Flavor Version Tinstall Tcheck Ttotal Status Flags
r-devel-linux-x86_64-debian-clang 1.3.5 77.34 70.54 147.88 OK
r-devel-linux-x86_64-debian-gcc 1.3.5 64.15 54.87 119.02 OK
r-devel-linux-x86_64-fedora-clang 1.3.5 230.05 NOTE
r-devel-linux-x86_64-fedora-gcc 1.3.5 199.60 OK
r-devel-windows-x86_64 1.3.5 114.00 100.00 214.00 NOTE
r-devel-windows-x86_64-gcc10-UCRT 1.3.5 OK
r-patched-linux-x86_64 1.3.5 82.09 67.72 149.81 OK
r-patched-solaris-x86 1.3.5 217.30 NOTE
r-release-linux-x86_64 1.3.5 76.38 67.63 144.01 OK
r-release-macos-arm64 1.3.5 WARN
r-release-macos-x86_64 1.3.5 WARN
r-release-windows-ix86+x86_64 1.3.5 161.00 133.00 294.00 NOTE
r-oldrel-macos-x86_64 1.3.5 WARN
r-oldrel-windows-ix86+x86_64 1.3.5 215.00 133.00 348.00 NOTE

Check Details

Version: 1.3.5
Check: installed package size
Result: NOTE
     installed size is 18.3Mb
     sub-directories of 1Mb or more:
     doc 6.0Mb
     lib 8.1Mb
     libs 3.5Mb
Flavors: r-devel-linux-x86_64-fedora-clang, r-devel-windows-x86_64, r-patched-solaris-x86, r-release-macos-arm64, r-release-macos-x86_64, r-release-windows-ix86+x86_64, r-oldrel-macos-x86_64, r-oldrel-windows-ix86+x86_64

Version: 1.3.5
Check: whether package can be installed
Result: WARN
    Found the following significant warnings:
     tprocess.cc:70:9: warning: 'swapcontext' is deprecated: first deprecated in macOS 10.6 - No longer supported [-Wdeprecated-declarations]
     tprocess.cc:89:9: warning: 'swapcontext' is deprecated: first deprecated in macOS 10.6 - No longer supported [-Wdeprecated-declarations]
     tprocess.cc:148:9: warning: 'getcontext' is deprecated: first deprecated in macOS 10.6 - No longer supported [-Wdeprecated-declarations]
     tprocess.cc:157:5: warning: 'makecontext' is deprecated: first deprecated in macOS 10.6 - No longer supported [-Wdeprecated-declarations]
     tprocess.cc:159:9: warning: 'swapcontext' is deprecated: first deprecated in macOS 10.6 - No longer supported [-Wdeprecated-declarations]
Flavor: r-release-macos-arm64

Version: 1.3.5
Check: whether package can be installed
Result: WARN
    Found the following significant warnings:
     tprocess.cc:70:9: warning: 'swapcontext' is deprecated: first deprecated in macOS 10.6 [-Wdeprecated-declarations]
     tprocess.cc:89:9: warning: 'swapcontext' is deprecated: first deprecated in macOS 10.6 [-Wdeprecated-declarations]
     tprocess.cc:148:9: warning: 'getcontext' is deprecated: first deprecated in macOS 10.6 [-Wdeprecated-declarations]
     tprocess.cc:157:5: warning: 'makecontext' is deprecated: first deprecated in macOS 10.6 [-Wdeprecated-declarations]
     tprocess.cc:159:9: warning: 'swapcontext' is deprecated: first deprecated in macOS 10.6 [-Wdeprecated-declarations]
Flavors: r-release-macos-x86_64, r-oldrel-macos-x86_64