CRAN Package Check Results for Package microsynth

Last updated on 2023-12-06 04:55:57 CET.

Flavor Version Tinstall Tcheck Ttotal Status Flags
r-devel-linux-x86_64-debian-clang 2.0.44 7.12 111.40 118.52 OK
r-devel-linux-x86_64-debian-gcc 2.0.44 7.05 81.57 88.62 OK
r-devel-linux-x86_64-fedora-clang 2.0.44 148.50 OK
r-devel-linux-x86_64-fedora-gcc 2.0.44 161.23 OK
r-devel-windows-x86_64 2.0.44 9.00 109.00 118.00 OK
r-patched-linux-x86_64 2.0.44 6.11 104.91 111.02 OK
r-release-linux-x86_64 2.0.44 8.06 105.73 113.79 OK
r-release-macos-arm64 2.0.44 49.00 OK
r-release-macos-x86_64 2.0.44 139.00 NOTE
r-release-windows-x86_64 2.0.44 13.00 121.00 134.00 OK
r-oldrel-macos-arm64 2.0.44 49.00 OK
r-oldrel-macos-x86_64 2.0.44 68.00 OK
r-oldrel-windows-x86_64 2.0.44 12.00 115.00 127.00 OK

Check Details

Version: 2.0.44
Check: installed package size
Result: NOTE installed size is 5.5Mb sub-directories of 1Mb or more: data 2.9Mb doc 1.7Mb Flavor: r-release-macos-x86_64