CRAN Package Check Results for Package micss

Last updated on 2024-04-16 18:49:32 CEST.

Flavor Version Tinstall Tcheck Ttotal Status Flags
r-devel-linux-x86_64-debian-clang 0.1.5 4.12 74.71 78.83 OK
r-devel-linux-x86_64-debian-gcc 0.1.5 4.20 56.20 60.40 OK
r-devel-linux-x86_64-fedora-clang 0.1.5 100.37 OK
r-devel-linux-x86_64-fedora-gcc 0.1.5 93.42 OK
r-prerel-macos-arm64 0.1.5 36.00 OK
r-prerel-windows-x86_64 0.1.5 7.00 91.00 98.00 OK
r-patched-linux-x86_64 0.1.5 4.86 70.95 75.81 OK
r-release-linux-x86_64 0.1.5 4.33 71.07 75.40 OK
r-release-macos-arm64 0.1.5 40.00 OK
r-release-macos-x86_64 0.1.5 61.00 OK
r-release-windows-x86_64 0.1.5 8.00 96.00 104.00 OK
r-oldrel-macos-arm64 0.1.5 44.00 NOTE
r-oldrel-windows-x86_64 0.1.5 8.00 96.00 104.00 NOTE

Check Details

Version: 0.1.5
Check: S3 generic/method consistency
Result: NOTE Found the following apparent S3 methods exported but not registered: plot.icss print.icss print.micss See section ‘Registering S3 methods’ in the ‘Writing R Extensions’ manual. Flavors: r-oldrel-macos-arm64, r-oldrel-windows-x86_64