CRAN Package Check Results for Package midasml

Last updated on 2024-06-13 14:49:05 CEST.

Flavor Version Tinstall Tcheck Ttotal Status Flags
r-devel-linux-x86_64-debian-clang 0.1.10 16.78 93.04 109.82 OK
r-devel-linux-x86_64-debian-gcc 0.1.10 0.44 1.73 2.17 ERROR
r-devel-linux-x86_64-fedora-clang 0.1.10 138.12 NOTE
r-devel-linux-x86_64-fedora-gcc 0.1.10 130.77 OK
r-devel-windows-x86_64 0.1.10 16.00 98.00 114.00 OK
r-patched-linux-x86_64 0.1.10 12.32 94.71 107.03 OK
r-release-linux-x86_64 0.1.10 11.97 93.49 105.46 OK
r-release-macos-arm64 0.1.10 41.00 OK
r-release-macos-x86_64 0.1.10 75.00 OK
r-release-windows-x86_64 0.1.10 15.00 96.00 111.00 OK
r-oldrel-macos-arm64 0.1.10 46.00 OK
r-oldrel-macos-x86_64 0.1.10 72.00 OK
r-oldrel-windows-x86_64 0.1.10 20.00 112.00 132.00 OK

Check Details

Version: 0.1.10
Check: package dependencies
Result: ERROR Package required but not available: ‘lubridate’ See section ‘The DESCRIPTION file’ in the ‘Writing R Extensions’ manual. Flavor: r-devel-linux-x86_64-debian-gcc

Version: 0.1.10
Check: installed package size
Result: NOTE installed size is 8.2Mb sub-directories of 1Mb or more: libs 7.2Mb Flavor: r-devel-linux-x86_64-fedora-clang