CRAN Package Check Results for Package midasml

Last updated on 2020-08-15 21:47:55 CEST.

Flavor Version Tinstall Tcheck Ttotal Status Flags
r-devel-linux-x86_64-debian-clang 0.0.5 76.12 93.98 170.10 OK
r-devel-linux-x86_64-debian-gcc 0.0.5 52.30 75.79 128.09 OK
r-devel-linux-x86_64-fedora-clang 0.0.5 224.12 NOTE
r-devel-linux-x86_64-fedora-gcc 0.0.5 203.46 OK
r-devel-windows-ix86+x86_64 0.0.5 172.00 166.00 338.00 OK
r-patched-linux-x86_64 0.0.5 56.57 92.42 148.99 OK
r-patched-solaris-x86 0.0.5 233.30 OK
r-release-linux-x86_64 0.0.5 55.79 92.41 148.20 OK
r-release-macos-x86_64 0.0.5 NOTE
r-release-windows-ix86+x86_64 0.0.5 164.00 137.00 301.00 OK
r-oldrel-macos-x86_64 0.0.5 NOTE
r-oldrel-windows-ix86+x86_64 0.0.5 117.00 172.00 289.00 OK

Check Details

Version: 0.0.5
Check: installed package size
Result: NOTE
     installed size is 5.6Mb
     sub-directories of 1Mb or more:
     libs 4.9Mb
Flavors: r-devel-linux-x86_64-fedora-clang, r-release-macos-x86_64, r-oldrel-macos-x86_64