CRAN Package Check Results for Package migest

Last updated on 2022-12-02 13:52:27 CET.

Flavor Version Tinstall Tcheck Ttotal Status Flags
r-devel-linux-x86_64-debian-clang 2.0.3 5.66 55.93 61.59 OK
r-devel-linux-x86_64-debian-gcc 2.0.3 4.26 42.27 46.53 OK
r-devel-linux-x86_64-fedora-clang 2.0.3 86.30 NOTE
r-devel-linux-x86_64-fedora-gcc 2.0.3 83.41 NOTE
r-devel-windows-x86_64 2.0.3 50.00 100.00 150.00 OK
r-patched-linux-x86_64 2.0.3 5.62 48.80 54.42 OK
r-release-linux-x86_64 2.0.3 5.64 50.84 56.48 OK
r-release-macos-arm64 2.0.3 27.00 NOTE
r-release-macos-x86_64 2.0.3 33.00 NOTE
r-release-windows-x86_64 2.0.3 53.00 89.00 142.00 OK
r-oldrel-macos-arm64 2.0.3 27.00 NOTE
r-oldrel-macos-x86_64 2.0.3 38.00 NOTE
r-oldrel-windows-ix86+x86_64 2.0.3 11.00 80.00 91.00 OK

Check Details

Version: 2.0.3
Check: data for non-ASCII characters
Result: NOTE
     Note: found 9 marked UTF-8 strings
Flavors: r-devel-linux-x86_64-fedora-clang, r-devel-linux-x86_64-fedora-gcc, r-release-macos-arm64, r-release-macos-x86_64, r-oldrel-macos-arm64, r-oldrel-macos-x86_64