Last updated on 2023-09-25 02:03:25 CEST.
Flavor | Version | Tinstall | Tcheck | Ttotal | Status | Flags |
---|---|---|---|---|---|---|
r-devel-linux-x86_64-debian-clang | 2.0.3 | 4.79 | 51.17 | 55.96 | OK | |
r-devel-linux-x86_64-debian-gcc | 2.0.3 | 3.92 | 39.66 | 43.58 | OK | |
r-devel-linux-x86_64-fedora-clang | 2.0.3 | 69.23 | NOTE | |||
r-devel-linux-x86_64-fedora-gcc | 2.0.3 | 67.27 | NOTE | |||
r-devel-windows-x86_64 | 2.0.3 | 7.00 | 74.00 | 81.00 | OK | |
r-patched-linux-x86_64 | 2.0.3 | 4.73 | 50.25 | 54.98 | OK | |
r-release-linux-x86_64 | 2.0.3 | 4.31 | 49.94 | 54.25 | OK | |
r-release-macos-arm64 | 2.0.3 | 25.00 | OK | |||
r-release-macos-x86_64 | 2.0.3 | 37.00 | OK | |||
r-release-windows-x86_64 | 2.0.3 | 8.00 | 76.00 | 84.00 | OK | |
r-oldrel-macos-arm64 | 2.0.3 | 27.00 | NOTE | |||
r-oldrel-macos-x86_64 | 2.0.3 | 33.00 | NOTE | |||
r-oldrel-windows-x86_64 | 2.0.3 | 8.00 | 69.00 | 77.00 | OK |
Version: 2.0.3
Check: data for non-ASCII characters
Result: NOTE
Note: found 9 marked UTF-8 strings
Flavors: r-devel-linux-x86_64-fedora-clang, r-devel-linux-x86_64-fedora-gcc, r-oldrel-macos-arm64, r-oldrel-macos-x86_64