CRAN Package Check Results for Package miic

Last updated on 2019-02-18 07:49:46 CET.

Flavor Version Tinstall Tcheck Ttotal Status Flags
r-devel-linux-x86_64-debian-clang 1.0.3 41.53 32.18 73.71 OK
r-devel-linux-x86_64-debian-gcc 1.0.3 34.70 25.38 60.08 OK
r-devel-linux-x86_64-fedora-clang 1.0.3 108.78 NOTE
r-devel-linux-x86_64-fedora-gcc 1.0.3 98.67 NOTE
r-devel-windows-ix86+x86_64 1.0.3 99.00 62.00 161.00 OK
r-patched-linux-x86_64 1.0.3 41.46 30.42 71.88 OK
r-patched-solaris-x86 1.0.3 102.70 NOTE
r-release-linux-x86_64 1.0.3 OK
r-release-windows-ix86+x86_64 1.0.3 79.00 80.00 159.00 OK
r-release-osx-x86_64 1.0.3 NOTE
r-oldrel-windows-ix86+x86_64 1.0.3 77.00 64.00 141.00 OK
r-oldrel-osx-x86_64 1.0.3 NOTE

Additional issues

gcc-UBSAN

Check Details

Version: 1.0.3
Check: dependencies in R code
Result: NOTE
    Namespace in Imports field not imported from: ‘Rcpp’
     All declared Imports should be used.
Flavors: r-devel-linux-x86_64-fedora-clang, r-devel-linux-x86_64-fedora-gcc, r-patched-solaris-x86, r-release-osx-x86_64, r-oldrel-osx-x86_64