CRAN Package Check Results for Package miic

Last updated on 2019-04-26 13:47:43 CEST.

Flavor Version Tinstall Tcheck Ttotal Status Flags
r-devel-linux-x86_64-debian-clang 1.0.3 40.07 32.12 72.19 OK
r-devel-linux-x86_64-debian-gcc 1.0.3 37.74 25.53 63.27 OK
r-devel-linux-x86_64-fedora-clang 1.0.3 116.42 NOTE
r-devel-linux-x86_64-fedora-gcc 1.0.3 102.86 NOTE
r-devel-windows-ix86+x86_64 1.0.3 108.00 82.00 190.00 OK
r-patched-linux-x86_64 1.0.3 48.52 32.27 80.79 OK
r-patched-solaris-x86 1.0.3 109.90 NOTE
r-release-linux-x86_64 1.0.3 44.10 30.66 74.76 OK
r-release-windows-ix86+x86_64 1.0.3 104.00 76.00 180.00 OK
r-release-osx-x86_64 1.0.3 NOTE
r-oldrel-windows-ix86+x86_64 1.0.3 72.00 56.00 128.00 OK
r-oldrel-osx-x86_64 1.0.3 NOTE

Additional issues

gcc-UBSAN

Check Details

Version: 1.0.3
Check: dependencies in R code
Result: NOTE
    Namespace in Imports field not imported from: ‘Rcpp’
     All declared Imports should be used.
Flavors: r-devel-linux-x86_64-fedora-clang, r-devel-linux-x86_64-fedora-gcc, r-patched-solaris-x86, r-release-osx-x86_64, r-oldrel-osx-x86_64