CRAN Package Check Results for Package miic

Last updated on 2019-08-19 11:49:07 CEST.

Flavor Version Tinstall Tcheck Ttotal Status Flags
r-devel-linux-x86_64-debian-clang 1.0.3 45.64 32.05 77.69 OK
r-devel-linux-x86_64-debian-gcc 1.0.3 35.78 25.43 61.21 OK
r-devel-linux-x86_64-fedora-clang 1.0.3 111.06 NOTE
r-devel-linux-x86_64-fedora-gcc 1.0.3 104.89 NOTE
r-devel-windows-ix86+x86_64 1.0.3 117.00 89.00 206.00 OK
r-patched-linux-x86_64 1.0.3 39.87 31.16 71.03 OK
r-patched-solaris-x86 1.0.3 113.30 NOTE
r-release-linux-x86_64 1.0.3 41.79 32.24 74.03 OK
r-release-windows-ix86+x86_64 1.0.3 73.00 58.00 131.00 OK
r-release-osx-x86_64 1.0.3 NOTE
r-oldrel-windows-ix86+x86_64 1.0.3 108.00 77.00 185.00 OK
r-oldrel-osx-x86_64 1.0.3 NOTE

Additional issues

gcc-UBSAN LTO

Check Details

Version: 1.0.3
Check: dependencies in R code
Result: NOTE
    Namespace in Imports field not imported from: ‘Rcpp’
     All declared Imports should be used.
Flavors: r-devel-linux-x86_64-fedora-clang, r-devel-linux-x86_64-fedora-gcc, r-patched-solaris-x86, r-release-osx-x86_64, r-oldrel-osx-x86_64