Last updated on 2022-07-01 12:54:06 CEST.
Flavor | Version | Tinstall | Tcheck | Ttotal | Status | Flags |
---|---|---|---|---|---|---|
r-devel-linux-x86_64-debian-clang | 0.2.0 | 6.72 | 46.29 | 53.01 | OK | |
r-devel-linux-x86_64-debian-gcc | 0.2.0 | 5.16 | 34.28 | 39.44 | OK | |
r-devel-linux-x86_64-fedora-clang | 0.2.0 | 74.48 | NOTE | |||
r-devel-linux-x86_64-fedora-gcc | 0.2.0 | 71.63 | NOTE | |||
r-devel-windows-x86_64 | 0.2.0 | 18.00 | 68.00 | 86.00 | OK | |
r-patched-linux-x86_64 | 0.2.0 | 4.98 | 44.15 | 49.13 | OK | |
r-release-linux-x86_64 | 0.2.0 | 6.84 | 43.26 | 50.10 | OK | |
r-release-macos-arm64 | 0.2.0 | 22.00 | NOTE | |||
r-release-macos-x86_64 | 0.2.0 | 38.00 | NOTE | |||
r-release-windows-x86_64 | 0.2.0 | 13.00 | 65.00 | 78.00 | OK | |
r-oldrel-macos-arm64 | 0.2.0 | 26.00 | NOTE | |||
r-oldrel-macos-x86_64 | 0.2.0 | 35.00 | NOTE | |||
r-oldrel-windows-ix86+x86_64 | 0.2.0 | 15.00 | 65.00 | 80.00 | OK |
Version: 0.2.0
Check: dependencies in R code
Result: NOTE
Namespaces in Imports field not imported from:
‘FactoMineR’ ‘softImpute’
All declared Imports should be used.
Flavors: r-devel-linux-x86_64-fedora-clang, r-devel-linux-x86_64-fedora-gcc, r-release-macos-arm64, r-release-macos-x86_64, r-oldrel-macos-arm64, r-oldrel-macos-x86_64