Last updated on 2023-01-30 07:55:12 CET.
Flavor | Version | Tinstall | Tcheck | Ttotal | Status | Flags |
---|---|---|---|---|---|---|
r-devel-linux-x86_64-debian-clang | 1.0.0 | 7.97 | 62.38 | 70.35 | OK | |
r-devel-linux-x86_64-debian-gcc | 1.0.0 | 6.13 | 46.18 | 52.31 | OK | |
r-devel-linux-x86_64-fedora-clang | 1.0.0 | 85.62 | OK | |||
r-devel-linux-x86_64-fedora-gcc | 1.0.0 | 83.49 | OK | |||
r-devel-windows-x86_64 | 1.0.0 | 28.00 | 103.00 | 131.00 | OK | |
r-patched-linux-x86_64 | 1.0.0 | 8.62 | 59.74 | 68.36 | OK | |
r-release-linux-x86_64 | 1.0.0 | 8.85 | 61.35 | 70.20 | OK | |
r-release-macos-arm64 | 1.0.0 | 28.00 | NOTE | |||
r-release-macos-x86_64 | 1.0.0 | 52.00 | OK | |||
r-release-windows-x86_64 | 1.0.0 | 25.00 | 95.00 | 120.00 | OK | |
r-oldrel-macos-arm64 | 1.0.0 | 36.00 | NOTE | |||
r-oldrel-macos-x86_64 | 1.0.0 | 48.00 | OK | |||
r-oldrel-windows-ix86+x86_64 | 1.0.0 | 19.00 | 88.00 | 107.00 | OK |
Version: 1.0.0
Check: installed package size
Result: NOTE
installed size is 5.1Mb
sub-directories of 1Mb or more:
data 5.0Mb
Flavors: r-release-macos-arm64, r-oldrel-macos-arm64