Last updated on 2021-03-04 07:52:57 CET.
Flavor | Version | Tinstall | Tcheck | Ttotal | Status | Flags |
---|---|---|---|---|---|---|
r-devel-linux-x86_64-debian-clang | 1.0-2 | 71.64 | 31.13 | 102.77 | OK | |
r-devel-linux-x86_64-debian-gcc | 1.0-2 | 49.67 | 25.78 | 75.45 | OK | |
r-devel-linux-x86_64-fedora-clang | 1.0-2 | 152.26 | NOTE | |||
r-devel-linux-x86_64-fedora-gcc | 1.0-2 | 134.70 | OK | |||
r-devel-windows-ix86+x86_64 | 1.0-2 | 148.00 | 100.00 | 248.00 | OK | |
r-patched-linux-x86_64 | 1.0-2 | 56.11 | 32.16 | 88.27 | OK | |
r-patched-solaris-x86 | 1.0-2 | 132.60 | OK | |||
r-release-linux-x86_64 | 1.0-2 | 59.44 | 31.88 | 91.32 | OK | |
r-release-macos-x86_64 | 1.0-2 | NOTE | ||||
r-release-windows-ix86+x86_64 | 1.0-2 | 110.00 | 85.00 | 195.00 | OK | |
r-oldrel-macos-x86_64 | 1.0-2 | NOTE | ||||
r-oldrel-windows-ix86+x86_64 | 1.0-2 | 127.00 | 73.00 | 200.00 | OK |
Version: 1.0-2
Check: installed package size
Result: NOTE
installed size is 20.8Mb
sub-directories of 1Mb or more:
libs 20.7Mb
Flavors: r-devel-linux-x86_64-fedora-clang, r-release-macos-x86_64, r-oldrel-macos-x86_64