CRAN Package Check Results for Package minimalRSD

Last updated on 2023-09-27 14:04:20 CEST.

Flavor Version Tinstall Tcheck Ttotal Status Flags
r-devel-linux-x86_64-debian-clang 1.0.0 2.30 20.48 22.78 NOTE
r-devel-linux-x86_64-debian-gcc 1.0.0 1.67 16.43 18.10 NOTE
r-devel-linux-x86_64-fedora-clang 1.0.0 28.57 NOTE
r-devel-linux-x86_64-fedora-gcc 1.0.0 27.50 NOTE
r-devel-windows-x86_64 1.0.0 4.00 43.00 47.00 NOTE
r-patched-linux-x86_64 1.0.0 2.11 20.51 22.62 NOTE
r-release-linux-x86_64 1.0.0 2.00 20.30 22.30 NOTE
r-release-macos-arm64 1.0.0 13.00 NOTE
r-release-macos-x86_64 1.0.0 19.00 NOTE
r-release-windows-x86_64 1.0.0 3.00 45.00 48.00 NOTE
r-oldrel-macos-arm64 1.0.0 15.00 NOTE
r-oldrel-macos-x86_64 1.0.0 20.00 NOTE
r-oldrel-windows-x86_64 1.0.0 5.00 47.00 52.00 NOTE

Check Details

Version: 1.0.0
Check: LazyData
Result: NOTE
     'LazyData' is specified without a 'data' directory
Flavors: r-devel-linux-x86_64-debian-clang, r-devel-linux-x86_64-debian-gcc, r-devel-linux-x86_64-fedora-clang, r-devel-linux-x86_64-fedora-gcc, r-devel-windows-x86_64, r-patched-linux-x86_64, r-release-linux-x86_64, r-release-macos-arm64, r-release-macos-x86_64, r-release-windows-x86_64, r-oldrel-macos-arm64, r-oldrel-macos-x86_64, r-oldrel-windows-x86_64

Version: 1.0.0
Check: dependencies in R code
Result: NOTE
    Namespace in Imports field not imported from: ‘stats’
     All declared Imports should be used.
Flavors: r-devel-linux-x86_64-fedora-clang, r-devel-linux-x86_64-fedora-gcc, r-oldrel-macos-x86_64