CRAN Package Check Results for Package minque

Last updated on 2019-05-25 20:46:38 CEST.

Flavor Version Tinstall Tcheck Ttotal Status Flags
r-devel-linux-x86_64-debian-clang 1.1 16.71 116.00 132.71 NOTE
r-devel-linux-x86_64-debian-gcc 1.1 15.44 85.86 101.30 NOTE
r-devel-linux-x86_64-fedora-clang 1.1 160.45 NOTE
r-devel-linux-x86_64-fedora-gcc 1.1 154.33 NOTE
r-devel-windows-ix86+x86_64 1.1 26.00 162.00 188.00 NOTE
r-patched-linux-x86_64 1.1 NOTE
r-patched-solaris-x86 1.1 225.70 NOTE
r-release-linux-x86_64 1.1 16.15 117.47 133.62 NOTE
r-release-windows-ix86+x86_64 1.1 41.00 127.00 168.00 NOTE
r-release-osx-x86_64 1.1 NOTE
r-oldrel-windows-ix86+x86_64 1.1 28.00 117.00 145.00 NOTE
r-oldrel-osx-x86_64 1.1 NOTE

Check Details

Version: 1.1
Check: R code for possible problems
Result: NOTE
    CFactor: no visible global function definition for 'complete.cases'
    ConVariable: no visible global function definition for 'cov'
    ConVariable1: no visible global function definition for 'lm'
    Cor: no visible global function definition for 'complete.cases'
    Cor: no visible global function definition for 'cor.test'
    GetConVar: no visible global function definition for 'combn'
    GetConVar1: no visible global function definition for 'combn'
    RandJackCond: no visible global function definition for 'qt'
    RandJackCond: no visible global function definition for 'var'
    RandJackCond: no visible global function definition for 'pt'
    SimuData0: no visible global function definition for 'rnorm'
    SimuData1: no visible global function definition for 'rnorm'
    SimuData_Old: no visible global function definition for 'rnorm'
    ar1_r: no visible global function definition for 'complete.cases'
    ar1_r: no visible global function definition for 'cor'
    cs_r: no visible global function definition for 'complete.cases'
    cs_r: no visible global function definition for 'cor'
    form: no visible global function definition for 'as.formula'
    genmod.jack1: no visible global function definition for 'qt'
    genmod.jack1: no visible global function definition for 'var'
    genmod.jack1: no visible global function definition for 'pt'
    genmod.mq: no visible global function definition for 'pchisq'
    genmod.reml: no visible global function definition for 'pchisq'
    genmod.reml.jack: no visible global function definition for 'qt'
    genmod.reml.jack: no visible global function definition for 'var'
    genmod.reml.jack: no visible global function definition for 'pt'
    getglsid: no visible global function definition for 'model.frame'
    gls.jack: no visible global function definition for 'qt'
    gls.jack: no visible global function definition for 'var'
    gls.jack: no visible global function definition for 'pt'
    gls.mq: no visible global function definition for 'pchisq'
    lm.conversion0: no visible global function definition for 'as.formula'
    lm.data0: no visible global function definition for 'as.formula'
    lm.data0: no visible global function definition for 'model.frame'
    lm.data0: no visible global function definition for 'model.response'
    lm.data0: no visible global function definition for 'model.matrix'
    lm.data2: no visible global function definition for 'as.formula'
    lm.data2: no visible global function definition for 'model.frame'
    lm.data2: no visible global function definition for 'model.matrix'
    lmm.gls.eval: no visible global function definition for
     'complete.cases'
    lmm.gls.eval: no visible global function definition for 'cov'
    lmm.gls.eval: no visible global function definition for 'cor'
    lmm.simu: no visible global function definition for 'var'
    lmm.simu.jack: no visible global function definition for 'var'
    minque.jack1: no visible global function definition for 'qt'
    minque.jack1: no visible global function definition for 'var'
    minque.jack1: no visible global function definition for 'pt'
    mixed.formula: no visible global function definition for 'as.formula'
    mixed.formula: no visible global function definition for 'model.frame'
    mixed.formula: no visible global function definition for
     'model.response'
    mixed.formula: no visible global function definition for 'model.matrix'
    model.rdata: no visible global function definition for 'model.frame'
    model_data: no visible global function definition for 'as.formula'
    model_data: no visible global function definition for 'model.frame'
    model_data: no visible global function definition for 'model.matrix'
    reg.formula: no visible global function definition for 'as.formula'
    un_v: no visible global function definition for 'complete.cases'
    Undefined global functions or variables:
     as.formula combn complete.cases cor cor.test cov lm model.frame
     model.matrix model.response pchisq pt qt rnorm var
    Consider adding
     importFrom("stats", "as.formula", "complete.cases", "cor", "cor.test",
     "cov", "lm", "model.frame", "model.matrix",
     "model.response", "pchisq", "pt", "qt", "rnorm", "var")
     importFrom("utils", "combn")
    to your NAMESPACE file.
Flavors: r-devel-linux-x86_64-debian-clang, r-devel-linux-x86_64-debian-gcc, r-devel-linux-x86_64-fedora-clang, r-devel-linux-x86_64-fedora-gcc, r-devel-windows-ix86+x86_64, r-patched-linux-x86_64, r-patched-solaris-x86, r-release-linux-x86_64, r-release-windows-ix86+x86_64, r-release-osx-x86_64, r-oldrel-windows-ix86+x86_64, r-oldrel-osx-x86_64