CRAN Package Check Results for Package minty

Last updated on 2024-07-15 05:49:07 CEST.

Flavor Version Tinstall Tcheck Ttotal Status Flags
r-devel-linux-x86_64-debian-clang 0.0.1 34.97 31.49 66.46 NOTE
r-devel-linux-x86_64-debian-gcc 0.0.1 24.12 23.42 47.54 NOTE
r-devel-linux-x86_64-fedora-clang 0.0.1 96.64 NOTE
r-devel-linux-x86_64-fedora-gcc 0.0.1 93.72 NOTE
r-devel-windows-x86_64 0.0.1 31.00 61.00 92.00 NOTE
r-patched-linux-x86_64 0.0.1 29.68 29.79 59.47 OK
r-release-linux-x86_64 0.0.1 29.21 29.62 58.83 OK
r-release-macos-arm64 0.0.1 27.00 OK
r-release-macos-x86_64 0.0.1 36.00 OK
r-release-windows-x86_64 0.0.1 31.00 63.00 94.00 OK
r-oldrel-macos-arm64 0.0.1 33.00 OK
r-oldrel-macos-x86_64 0.0.1 50.00 OK
r-oldrel-windows-x86_64 0.0.1 31.00 68.00 99.00 OK

Check Details

Version: 0.0.1
Check: compiled code
Result: NOTE File ‘minty/libs/minty.so’: Found non-API calls to R: ‘SETLENGTH’, ‘SET_GROWABLE_BIT’, ‘SET_TRUELENGTH’ Compiled code should not call non-API entry points in R. See ‘Writing portable packages’ in the ‘Writing R Extensions’ manual, and section ‘Moving into C API compliance’ for issues with the use of non-API entry points. Flavors: r-devel-linux-x86_64-debian-clang, r-devel-linux-x86_64-debian-gcc, r-devel-linux-x86_64-fedora-clang, r-devel-linux-x86_64-fedora-gcc

Version: 0.0.1
Check: compiled code
Result: NOTE File 'minty/libs/x64/minty.dll': Found non-API calls to R: 'SETLENGTH', 'SET_GROWABLE_BIT', 'SET_TRUELENGTH' Compiled code should not call non-API entry points in R. See 'Writing portable packages' in the 'Writing R Extensions' manual, and section 'Moving into C API compliance' for issues with the use of non-API entry points. Flavor: r-devel-windows-x86_64