CRAN Package Check Results for Package minval

Last updated on 2020-04-02 11:48:10 CEST.

Flavor Version Tinstall Tcheck Ttotal Status Flags
r-devel-linux-x86_64-debian-clang 0.8-1 3.23 74.40 77.63 NOTE
r-devel-linux-x86_64-debian-gcc 0.8-1 2.90 55.38 58.28 NOTE
r-devel-linux-x86_64-fedora-clang 0.8-1 93.09 NOTE
r-devel-linux-x86_64-fedora-gcc 0.8-1 91.06 NOTE
r-devel-windows-ix86+x86_64 0.8-1 9.00 78.00 87.00 OK
r-devel-windows-ix86+x86_64-gcc8 0.8-1 7.00 80.00 87.00 OK
r-patched-linux-x86_64 0.8-1 3.25 70.75 74.00 NOTE
r-patched-solaris-x86 0.8-1 137.00 NOTE
r-release-linux-x86_64 0.8-1 3.08 65.18 68.26 OK
r-release-windows-ix86+x86_64 0.8-1 6.00 94.00 100.00 OK
r-release-osx-x86_64 0.8-1 OK
r-oldrel-windows-ix86+x86_64 0.8-1 6.00 85.00 91.00 OK
r-oldrel-osx-x86_64 0.8-1 WARN

Check Details

Version: 0.8-1
Check: for non-standard things in the check directory
Result: NOTE
    Found the following files/directories:
     'glycolysis.xml' 'glycolysis_desc.tsv' 'glycolysis_met.tsv'
     'glycolysis_react.tsv'
Flavors: r-devel-linux-x86_64-debian-clang, r-devel-linux-x86_64-debian-gcc, r-devel-linux-x86_64-fedora-clang, r-devel-linux-x86_64-fedora-gcc, r-patched-linux-x86_64, r-patched-solaris-x86

Version: 0.8-1
Check: package dependencies
Result: NOTE
    Package suggested but not available for checking: ‘glpkAPI’
Flavor: r-oldrel-osx-x86_64

Version: 0.8-1
Check: re-building of vignette outputs
Result: WARN
    Error in re-building vignettes:
     ...
    Warning in engine$weave(file, quiet = quiet, encoding = enc) :
     Pandoc (>= 1.12.3) and/or pandoc-citeproc not available. Falling back to R Markdown v1.
    Loading required package: Matrix
    Loading required package: lattice
    Quitting from lines 21-25 (MINVALintroduction.Rmd)
    Error: processing vignette 'MINVALintroduction.Rmd' failed with diagnostics:
    there is no package called 'glpkAPI'
    Execution halted
Flavor: r-oldrel-osx-x86_64