Last updated on 2023-02-09 08:55:06 CET.
Flavor | Version | Tinstall | Tcheck | Ttotal | Status | Flags |
---|---|---|---|---|---|---|
r-devel-linux-x86_64-debian-clang | 1.4.0 | 66.96 | 33.94 | 100.90 | NOTE | |
r-devel-linux-x86_64-debian-gcc | 1.4.0 | 53.07 | 25.51 | 78.58 | NOTE | |
r-devel-linux-x86_64-fedora-clang | 1.4.0 | 145.00 | NOTE | |||
r-devel-linux-x86_64-fedora-gcc | 1.4.0 | 140.47 | NOTE | |||
r-devel-windows-x86_64 | 1.4.0 | 65.00 | 91.00 | 156.00 | NOTE | |
r-patched-linux-x86_64 | 1.4.0 | 55.69 | 33.25 | 88.94 | OK | |
r-release-linux-x86_64 | 1.4.0 | 52.82 | 32.06 | 84.88 | OK | |
r-release-macos-arm64 | 1.4.0 | 36.00 | OK | |||
r-release-macos-x86_64 | 1.4.0 | 48.00 | OK | |||
r-release-windows-x86_64 | 1.4.0 | 66.00 | 94.00 | 160.00 | OK | |
r-oldrel-macos-arm64 | 1.4.0 | 40.00 | OK | |||
r-oldrel-macos-x86_64 | 1.4.0 | 68.00 | OK | |||
r-oldrel-windows-ix86+x86_64 | 1.4.0 | 163.00 | 100.00 | 263.00 | OK |
Version: 1.4.0
Check: C++ specification
Result: NOTE
Specified C++11: please update to current default of C++17
Flavor: r-devel-linux-x86_64-debian-clang
Version: 1.4.0
Check: package subdirectories
Result: NOTE
Problems with news in ‘NEWS.md’:
No news entries found.
Flavors: r-devel-linux-x86_64-debian-clang, r-devel-linux-x86_64-debian-gcc, r-devel-linux-x86_64-fedora-clang, r-devel-linux-x86_64-fedora-gcc, r-devel-windows-x86_64
Version: 1.4.0
Check: C++ specification
Result: NOTE
Specified C++11: please drop specification unless essential
Flavors: r-devel-linux-x86_64-debian-gcc, r-devel-linux-x86_64-fedora-clang, r-devel-linux-x86_64-fedora-gcc, r-devel-windows-x86_64