CRAN Package Check Results for Package mirtjml

Last updated on 2023-09-24 17:58:26 CEST.

Flavor Version Tinstall Tcheck Ttotal Status Flags
r-devel-linux-x86_64-debian-clang 1.4.0 67.41 33.49 100.90 NOTE
r-devel-linux-x86_64-debian-gcc 1.4.0 47.19 25.38 72.57 NOTE
r-devel-linux-x86_64-fedora-clang 1.4.0 148.67 NOTE
r-devel-linux-x86_64-fedora-gcc 1.4.0 148.27 NOTE
r-devel-windows-x86_64 1.4.0 51.00 72.00 123.00 NOTE
r-patched-linux-x86_64 1.4.0 67.57 32.20 99.77 NOTE
r-release-linux-x86_64 1.4.0 69.10 32.30 101.40 NOTE
r-release-macos-arm64 1.4.0 39.00 NOTE
r-release-macos-x86_64 1.4.0 70.00 NOTE
r-release-windows-x86_64 1.4.0 69.00 79.00 148.00 NOTE
r-oldrel-macos-arm64 1.4.0 48.00 OK
r-oldrel-macos-x86_64 1.4.0 48.00 OK
r-oldrel-windows-x86_64 1.4.0 63.00 77.00 140.00 OK

Check Details

Version: 1.4.0
Check: C++ specification
Result: NOTE
     Specified C++11: please drop specification unless essential
Flavors: r-devel-linux-x86_64-debian-clang, r-devel-linux-x86_64-debian-gcc, r-devel-linux-x86_64-fedora-clang, r-devel-linux-x86_64-fedora-gcc, r-devel-windows-x86_64, r-patched-linux-x86_64, r-release-linux-x86_64, r-release-macos-arm64, r-release-macos-x86_64, r-release-windows-x86_64

Version: 1.4.0
Check: package subdirectories
Result: NOTE
    Problems with news in ‘NEWS.md’:
    No news entries found.
Flavors: r-devel-linux-x86_64-debian-clang, r-devel-linux-x86_64-debian-gcc, r-devel-linux-x86_64-fedora-clang, r-devel-linux-x86_64-fedora-gcc, r-devel-windows-x86_64, r-patched-linux-x86_64, r-release-linux-x86_64, r-release-macos-arm64, r-release-macos-x86_64, r-release-windows-x86_64