CRAN Package Check Results for Package miscF

Last updated on 2022-01-20 13:50:15 CET.

Flavor Version Tinstall Tcheck Ttotal Status Flags
r-devel-linux-x86_64-debian-clang 0.1-5 OK
r-devel-linux-x86_64-debian-gcc 0.1-5 17.05 107.21 124.26 OK
r-devel-linux-x86_64-fedora-clang 0.1-5 197.71 NOTE
r-devel-linux-x86_64-fedora-gcc 0.1-5 178.68 OK
r-devel-windows-x86_64-new-UL 0.1-5 49.00 161.00 210.00 NOTE
r-devel-windows-x86_64-new-TK 0.1-5 NOTE
r-patched-linux-x86_64 0.1-5 17.40 134.91 152.31 OK
r-release-linux-x86_64 0.1-5 18.70 136.59 155.29 OK
r-release-macos-arm64 0.1-5 NOTE
r-release-macos-x86_64 0.1-5 NOTE
r-release-windows-ix86+x86_64 0.1-5 53.00 219.00 272.00 OK
r-oldrel-macos-x86_64 0.1-5 NOTE
r-oldrel-windows-ix86+x86_64 0.1-5 53.00 212.00 265.00 OK

Check Details

Version: 0.1-5
Check: Rd cross-references
Result: NOTE
    Undeclared packages ‘pspline’, ‘lme4’ in Rd xrefs
Flavor: r-devel-linux-x86_64-fedora-clang

Version: 0.1-5
Check: package dependencies
Result: NOTE
    Package suggested but not available for checking: 'BRugs'
Flavors: r-devel-windows-x86_64-new-UL, r-devel-windows-x86_64-new-TK

Version: 0.1-5
Check: package dependencies
Result: NOTE
    Packages suggested but not available for checking: 'mixAK', 'BRugs'
Flavors: r-release-macos-arm64, r-release-macos-x86_64, r-oldrel-macos-x86_64

Version: 0.1-5
Check: Rd cross-references
Result: NOTE
    Package unavailable to check Rd xrefs: ‘mixAK’
Flavors: r-release-macos-arm64, r-release-macos-x86_64, r-oldrel-macos-x86_64