CRAN Package Check Results for Package miscset

Last updated on 2020-09-22 06:47:32 CEST.

Flavor Version Tinstall Tcheck Ttotal Status Flags
r-devel-linux-x86_64-debian-clang 1.1.0 27.42 81.11 108.53 OK
r-devel-linux-x86_64-debian-gcc 1.1.0 0.30 2.29 2.59 ERROR
r-devel-linux-x86_64-fedora-clang 1.1.0 146.77 OK
r-devel-linux-x86_64-fedora-gcc 1.1.0 130.93 OK
r-devel-windows-ix86+x86_64 1.1.0 61.00 125.00 186.00 OK
r-patched-linux-x86_64 1.1.0 20.20 78.56 98.76 OK
r-patched-solaris-x86 1.1.0 157.20 OK
r-release-linux-x86_64 1.1.0 20.80 80.23 101.03 OK
r-release-macos-x86_64 1.1.0 OK
r-release-windows-ix86+x86_64 1.1.0 59.00 159.00 218.00 OK
r-oldrel-macos-x86_64 1.1.0 OK
r-oldrel-windows-ix86+x86_64 1.1.0 37.00 143.00 180.00 OK

Check Details

Version: 1.1.0
Check: whether package can be installed
Result: ERROR
    Installation failed.
Flavor: r-devel-linux-x86_64-debian-gcc